{"id":18385,"date":"2025-08-18T06:23:37","date_gmt":"2025-08-18T06:23:37","guid":{"rendered":"https:\/\/sgr-ssr.ch\/events\/oesterreichkongress-fuer-radiologietechnologie-2026\/"},"modified":"2025-08-18T06:30:31","modified_gmt":"2025-08-18T06:30:31","slug":"oesterreichkongress-fuer-radiologietechnologie-2026","status":"publish","type":"ajde_events","link":"https:\/\/sgr-ssr.ch\/fr\/events\/oesterreichkongress-fuer-radiologietechnologie-2026\/","title":{"rendered":"\u00d6sterreichkongress f\u00fcr RADIOLOGIETECHNOLOGIE"},"content":{"rendered":"<div>Tagung: \u00d6sterreichkongress f\u00fcr RADIOLOGIETECHNOLOGIE<\/div>\n<div><\/div>\n<div>Ort und Termin: Steiermarkhof Graz<\/div>\n<div>Ekkehard-Hauer-Stra\u00dfe 33, 8052 Graz<\/div>\n<div><\/div>\n<div>On-site, Online und On-Demand<br \/>\n<a href=\"https:\/\/www.radiologietechnologen.at\/bildung\/kongress\/kongress-2026\" target=\"_blank\" rel=\"noopener noreferrer\">MEHR INFOS<\/a><\/div>\n<div><\/div>\n<div>\n<p><strong>Information und Anmeldung:<\/strong><br \/>\n\u00c4RZTEZENTRALE MED.INFO<br \/>\nHelferstorferstra\u00dfe 4, A-1014 Wien<\/p>\n<p>Tel.: (+43\/1) 531 16 &#8211; 39<br \/>\nFax: (+43\/1) 531 16 \u2013 61<br \/>\ne-mail: <a href=\"mailto:azmedinfo@media.co.at\">azmedinfo@media.co.at<\/a><\/p>\n<p>Kontaktname: \u00c4rzteZentrale Med.Info<br \/>\nKontaktmail: <a href=\"mailto:azmedinfo@media.co.at\">azmedinfo@media.co.at<\/a><\/p>\n<\/div>\n","protected":false},"author":2,"featured_media":-1,"menu_order":0,"comment_status":"open","ping_status":"closed","template":"","meta":{"_acf_changed":false,"_et_pb_use_builder":"","_et_pb_old_content":"","_et_gb_content_width":"","inline_featured_image":false},"tags":[],"event_type":[],"event_type_2":[],"class_list":["post-18385","ajde_events","type-ajde_events","status-publish","has-post-thumbnail","hentry","event_location-steiermarkhof","event_organizer-berufsfachverband-fuer-radiologietechnologie-oesterreich"],"acf":[],"yoast_head":"<!-- This site is optimized with the Yoast SEO plugin v27.5 - https:\/\/yoast.com\/product\/yoast-seo-wordpress\/ -->\n<title>\u00d6sterreichkongress f\u00fcr RADIOLOGIETECHNOLOGIE - Schweizerische Gesellschaft f\u00fcr Radiologie<\/title>\n<meta name=\"robots\" content=\"index, follow, max-snippet:-1, max-image-preview:large, max-video-preview:-1\" \/>\n<link rel=\"canonical\" href=\"https:\/\/sgr-ssr.ch\/fr\/events\/oesterreichkongress-fuer-radiologietechnologie-2026\/\" \/>\n<meta property=\"og:locale\" content=\"fr_FR\" \/>\n<meta property=\"og:type\" content=\"article\" \/>\n<meta property=\"og:title\" content=\"\u00d6sterreichkongress f\u00fcr RADIOLOGIETECHNOLOGIE - Schweizerische Gesellschaft f\u00fcr Radiologie\" \/>\n<meta property=\"og:description\" content=\"Tagung: \u00d6sterreichkongress f\u00fcr RADIOLOGIETECHNOLOGIE Ort und Termin: Steiermarkhof Graz Ekkehard-Hauer-Stra\u00dfe 33, 8052 Graz On-site, Online und On-Demand MEHR INFOS Information und Anmeldung: \u00c4RZTEZENTRALE MED.INFO Helferstorferstra\u00dfe 4, A-1014 Wien Tel.: (+43\/1) 531 16 &#8211; 39 Fax: (+43\/1) 531 16 \u2013 61 e-mail: azmedinfo@media.co.at Kontaktname: \u00c4rzteZentrale Med.Info Kontaktmail: azmedinfo@media.co.at\" \/>\n<meta property=\"og:url\" content=\"https:\/\/sgr-ssr.ch\/fr\/events\/oesterreichkongress-fuer-radiologietechnologie-2026\/\" \/>\n<meta property=\"og:site_name\" content=\"Schweizerische Gesellschaft f\u00fcr Radiologie\" \/>\n<meta property=\"article:modified_time\" content=\"2025-08-18T06:30:31+00:00\" \/>\n<meta name=\"twitter:card\" content=\"summary_large_image\" \/>\n<script type=\"application\/ld+json\" class=\"yoast-schema-graph\">{\"@context\":\"https:\\\/\\\/schema.org\",\"@graph\":[{\"@type\":\"WebPage\",\"@id\":\"https:\\\/\\\/sgr-ssr.ch\\\/fr\\\/events\\\/oesterreichkongress-fuer-radiologietechnologie-2026\\\/\",\"url\":\"https:\\\/\\\/sgr-ssr.ch\\\/fr\\\/events\\\/oesterreichkongress-fuer-radiologietechnologie-2026\\\/\",\"name\":\"\u00d6sterreichkongress f\u00fcr RADIOLOGIETECHNOLOGIE - Schweizerische Gesellschaft f\u00fcr Radiologie\",\"isPartOf\":{\"@id\":\"https:\\\/\\\/sgr-ssr.ch\\\/#website\"},\"datePublished\":\"2025-08-18T06:23:37+00:00\",\"dateModified\":\"2025-08-18T06:30:31+00:00\",\"breadcrumb\":{\"@id\":\"https:\\\/\\\/sgr-ssr.ch\\\/fr\\\/events\\\/oesterreichkongress-fuer-radiologietechnologie-2026\\\/#breadcrumb\"},\"inLanguage\":\"fr-FR\",\"potentialAction\":[{\"@type\":\"ReadAction\",\"target\":[\"https:\\\/\\\/sgr-ssr.ch\\\/fr\\\/events\\\/oesterreichkongress-fuer-radiologietechnologie-2026\\\/\"]}]},{\"@type\":\"BreadcrumbList\",\"@id\":\"https:\\\/\\\/sgr-ssr.ch\\\/fr\\\/events\\\/oesterreichkongress-fuer-radiologietechnologie-2026\\\/#breadcrumb\",\"itemListElement\":[{\"@type\":\"ListItem\",\"position\":1,\"name\":\"Home\",\"item\":\"https:\\\/\\\/sgr-ssr.ch\\\/fr\\\/\"},{\"@type\":\"ListItem\",\"position\":2,\"name\":\"Events\",\"item\":\"https:\\\/\\\/sgr-ssr.ch\\\/fr\\\/events\\\/\"},{\"@type\":\"ListItem\",\"position\":3,\"name\":\"\u00d6sterreichkongress f\u00fcr RADIOLOGIETECHNOLOGIE\"}]},{\"@type\":\"WebSite\",\"@id\":\"https:\\\/\\\/sgr-ssr.ch\\\/#website\",\"url\":\"https:\\\/\\\/sgr-ssr.ch\\\/\",\"name\":\"Schweizerische Gesellschaft f\u00fcr Radiologie\",\"description\":\"Just another WordPress site\",\"potentialAction\":[{\"@type\":\"SearchAction\",\"target\":{\"@type\":\"EntryPoint\",\"urlTemplate\":\"https:\\\/\\\/sgr-ssr.ch\\\/?s={search_term_string}\"},\"query-input\":{\"@type\":\"PropertyValueSpecification\",\"valueRequired\":true,\"valueName\":\"search_term_string\"}}],\"inLanguage\":\"fr-FR\"}]}<\/script>\n<!-- \/ Yoast SEO plugin. -->","yoast_head_json":{"title":"\u00d6sterreichkongress f\u00fcr RADIOLOGIETECHNOLOGIE - Schweizerische Gesellschaft f\u00fcr Radiologie","robots":{"index":"index","follow":"follow","max-snippet":"max-snippet:-1","max-image-preview":"max-image-preview:large","max-video-preview":"max-video-preview:-1"},"canonical":"https:\/\/sgr-ssr.ch\/fr\/events\/oesterreichkongress-fuer-radiologietechnologie-2026\/","og_locale":"fr_FR","og_type":"article","og_title":"\u00d6sterreichkongress f\u00fcr RADIOLOGIETECHNOLOGIE - Schweizerische Gesellschaft f\u00fcr Radiologie","og_description":"Tagung: \u00d6sterreichkongress f\u00fcr RADIOLOGIETECHNOLOGIE Ort und Termin: Steiermarkhof Graz Ekkehard-Hauer-Stra\u00dfe 33, 8052 Graz On-site, Online und On-Demand MEHR INFOS Information und Anmeldung: \u00c4RZTEZENTRALE MED.INFO Helferstorferstra\u00dfe 4, A-1014 Wien Tel.: (+43\/1) 531 16 &#8211; 39 Fax: (+43\/1) 531 16 \u2013 61 e-mail: azmedinfo@media.co.at Kontaktname: \u00c4rzteZentrale Med.Info Kontaktmail: azmedinfo@media.co.at","og_url":"https:\/\/sgr-ssr.ch\/fr\/events\/oesterreichkongress-fuer-radiologietechnologie-2026\/","og_site_name":"Schweizerische Gesellschaft f\u00fcr Radiologie","article_modified_time":"2025-08-18T06:30:31+00:00","twitter_card":"summary_large_image","schema":{"@context":"https:\/\/schema.org","@graph":[{"@type":"WebPage","@id":"https:\/\/sgr-ssr.ch\/fr\/events\/oesterreichkongress-fuer-radiologietechnologie-2026\/","url":"https:\/\/sgr-ssr.ch\/fr\/events\/oesterreichkongress-fuer-radiologietechnologie-2026\/","name":"\u00d6sterreichkongress f\u00fcr RADIOLOGIETECHNOLOGIE - Schweizerische Gesellschaft f\u00fcr Radiologie","isPartOf":{"@id":"https:\/\/sgr-ssr.ch\/#website"},"datePublished":"2025-08-18T06:23:37+00:00","dateModified":"2025-08-18T06:30:31+00:00","breadcrumb":{"@id":"https:\/\/sgr-ssr.ch\/fr\/events\/oesterreichkongress-fuer-radiologietechnologie-2026\/#breadcrumb"},"inLanguage":"fr-FR","potentialAction":[{"@type":"ReadAction","target":["https:\/\/sgr-ssr.ch\/fr\/events\/oesterreichkongress-fuer-radiologietechnologie-2026\/"]}]},{"@type":"BreadcrumbList","@id":"https:\/\/sgr-ssr.ch\/fr\/events\/oesterreichkongress-fuer-radiologietechnologie-2026\/#breadcrumb","itemListElement":[{"@type":"ListItem","position":1,"name":"Home","item":"https:\/\/sgr-ssr.ch\/fr\/"},{"@type":"ListItem","position":2,"name":"Events","item":"https:\/\/sgr-ssr.ch\/fr\/events\/"},{"@type":"ListItem","position":3,"name":"\u00d6sterreichkongress f\u00fcr RADIOLOGIETECHNOLOGIE"}]},{"@type":"WebSite","@id":"https:\/\/sgr-ssr.ch\/#website","url":"https:\/\/sgr-ssr.ch\/","name":"Schweizerische Gesellschaft f\u00fcr Radiologie","description":"Just another WordPress site","potentialAction":[{"@type":"SearchAction","target":{"@type":"EntryPoint","urlTemplate":"https:\/\/sgr-ssr.ch\/?s={search_term_string}"},"query-input":{"@type":"PropertyValueSpecification","valueRequired":true,"valueName":"search_term_string"}}],"inLanguage":"fr-FR"}]}},"_links":{"self":[{"href":"https:\/\/sgr-ssr.ch\/fr\/wp-json\/wp\/v2\/ajde_events\/18385","targetHints":{"allow":["GET"]}}],"collection":[{"href":"https:\/\/sgr-ssr.ch\/fr\/wp-json\/wp\/v2\/ajde_events"}],"about":[{"href":"https:\/\/sgr-ssr.ch\/fr\/wp-json\/wp\/v2\/types\/ajde_events"}],"author":[{"embeddable":true,"href":"https:\/\/sgr-ssr.ch\/fr\/wp-json\/wp\/v2\/users\/2"}],"replies":[{"embeddable":true,"href":"https:\/\/sgr-ssr.ch\/fr\/wp-json\/wp\/v2\/comments?post=18385"}],"wp:featuredmedia":[{"embeddable":true,"href":"https:\/\/sgr-ssr.ch\/fr\/wp-json\/"}],"wp:attachment":[{"href":"https:\/\/sgr-ssr.ch\/fr\/wp-json\/wp\/v2\/media?parent=18385"}],"wp:term":[{"taxonomy":"post_tag","embeddable":true,"href":"https:\/\/sgr-ssr.ch\/fr\/wp-json\/wp\/v2\/tags?post=18385"},{"taxonomy":"event_type","embeddable":true,"href":"https:\/\/sgr-ssr.ch\/fr\/wp-json\/wp\/v2\/event_type?post=18385"},{"taxonomy":"event_type_2","embeddable":true,"href":"https:\/\/sgr-ssr.ch\/fr\/wp-json\/wp\/v2\/event_type_2?post=18385"}],"curies":[{"name":"wp","href":"https:\/\/api.w.org\/{rel}","templated":true}]}}

Österreichkongress für RADIOLOGIETECHNOLOGIE

<div>Tagung: Österreichkongress für RADIOLOGIETECHNOLOGIE</div>
<div></div>
<div>Ort und Termin: Steiermarkhof Graz</div>
<div>Ekkehard-Hauer-Straße 33, 8052 Graz</div>
<div></div>
<div>On-site, Online und On-Demand<br />
<a href="https://www.radiologietechnologen.at/bildung/kongress/kongress-2026" target="_blank" rel="noopener noreferrer">MEHR INFOS</a></div>
<div></div>
<div>
<p><strong>Information und Anmeldung:</strong><br />
ÄRZTEZENTRALE MED.INFO<br />
Helferstorferstraße 4, A-1014 Wien</p>
<p>Tel.: (+43/1) 531 16 &#8211; 39<br />
Fax: (+43/1) 531 16 – 61<br />
e-mail: <a href="mailto:azmedinfo@media.co.at">azmedinfo@media.co.at</a></p>
<p>Kontaktname: ÄrzteZentrale Med.Info<br />
Kontaktmail: <a href="mailto:azmedinfo@media.co.at">azmedinfo@media.co.at</a></p>
</div>

<!-- This site is optimized with the Yoast SEO plugin v27.5 - https://yoast.com/product/yoast-seo-wordpress/ -->
<title>Österreichkongress für RADIOLOGIETECHNOLOGIE - Schweizerische Gesellschaft für Radiologie</title>
<meta name="robots" content="index, follow, max-snippet:-1, max-image-preview:large, max-video-preview:-1" />
<link rel="canonical" href="https://sgr-ssr.ch/fr/events/oesterreichkongress-fuer-radiologietechnologie-2026/" />
<meta property="og:locale" content="fr_FR" />
<meta property="og:type" content="article" />
<meta property="og:title" content="Österreichkongress für RADIOLOGIETECHNOLOGIE - Schweizerische Gesellschaft für Radiologie" />
<meta property="og:description" content="Tagung: Österreichkongress für RADIOLOGIETECHNOLOGIE Ort und Termin: Steiermarkhof Graz Ekkehard-Hauer-Straße 33, 8052 Graz On-site, Online und On-Demand MEHR INFOS Information und Anmeldung: ÄRZTEZENTRALE MED.INFO Helferstorferstraße 4, A-1014 Wien Tel.: (+43/1) 531 16 &#8211; 39 Fax: (+43/1) 531 16 – 61 e-mail: azmedinfo@media.co.at Kontaktname: ÄrzteZentrale Med.Info Kontaktmail: azmedinfo@media.co.at" />
<meta property="og:url" content="https://sgr-ssr.ch/fr/events/oesterreichkongress-fuer-radiologietechnologie-2026/" />
<meta property="og:site_name" content="Schweizerische Gesellschaft für Radiologie" />
<meta property="article:modified_time" content="2025-08-18T06:30:31+00:00" />
<meta name="twitter:card" content="summary_large_image" />
<script type="application/ld+json" class="yoast-schema-graph">{"@context":"https:\/\/schema.org","@graph":[{"@type":"WebPage","@id":"https:\/\/sgr-ssr.ch\/fr\/events\/oesterreichkongress-fuer-radiologietechnologie-2026\/","url":"https:\/\/sgr-ssr.ch\/fr\/events\/oesterreichkongress-fuer-radiologietechnologie-2026\/","name":"Österreichkongress für RADIOLOGIETECHNOLOGIE - Schweizerische Gesellschaft für Radiologie","isPartOf":{"@id":"https:\/\/sgr-ssr.ch\/#website"},"datePublished":"2025-08-18T06:23:37+00:00","dateModified":"2025-08-18T06:30:31+00:00","breadcrumb":{"@id":"https:\/\/sgr-ssr.ch\/fr\/events\/oesterreichkongress-fuer-radiologietechnologie-2026\/#breadcrumb"},"inLanguage":"fr-FR","potentialAction":[{"@type":"ReadAction","target":["https:\/\/sgr-ssr.ch\/fr\/events\/oesterreichkongress-fuer-radiologietechnologie-2026\/"]}]},{"@type":"BreadcrumbList","@id":"https:\/\/sgr-ssr.ch\/fr\/events\/oesterreichkongress-fuer-radiologietechnologie-2026\/#breadcrumb","itemListElement":[{"@type":"ListItem","position":1,"name":"Home","item":"https:\/\/sgr-ssr.ch\/fr\/"},{"@type":"ListItem","position":2,"name":"Events","item":"https:\/\/sgr-ssr.ch\/fr\/events\/"},{"@type":"ListItem","position":3,"name":"Österreichkongress für RADIOLOGIETECHNOLOGIE"}]},{"@type":"WebSite","@id":"https:\/\/sgr-ssr.ch\/#website","url":"https:\/\/sgr-ssr.ch\/","name":"Schweizerische Gesellschaft für Radiologie","description":"Just another WordPress site","potentialAction":[{"@type":"SearchAction","target":{"@type":"EntryPoint","urlTemplate":"https:\/\/sgr-ssr.ch\/?s={search_term_string}"},"query-input":{"@type":"PropertyValueSpecification","valueRequired":true,"valueName":"search_term_string"}}],"inLanguage":"fr-FR"}]}</script>
<!-- / Yoast SEO plugin. -->

Österreichkongress für RADIOLOGIETECHNOLOGIE - Schweizerische Gesellschaft für Radiologie

Tagung: Österreichkongress für RADIOLOGIETECHNOLOGIE Ort und Termin: Steiermarkhof Graz Ekkehard-Hauer-Straße 33, 8052 Graz On-site, Online und On-Demand MEHR INFOS Information und Anmeldung: ÄRZTEZENTRALE MED.INFO Helferstorferstraße 4, A-1014 Wien Tel.: (+43/1) 531 16 &#8211; 39 Fax: (+43/1) 531 16 – 61 e-mail: azmedinfo@media.co.at Kontaktname: ÄrzteZentrale Med.Info Kontaktmail: azmedinfo@media.co.at

Schweizerische Gesellschaft für Radiologie
