{"id":19326,"date":"2026-02-25T13:00:32","date_gmt":"2026-02-25T13:00:32","guid":{"rendered":"https:\/\/sgr-ssr.ch\/?post_type=ajde_events&#038;p=19326"},"modified":"2026-02-25T13:00:32","modified_gmt":"2026-02-25T13:00:32","slug":"17-kinder-haut-tag","status":"publish","type":"ajde_events","link":"https:\/\/sgr-ssr.ch\/fr\/events\/17-kinder-haut-tag\/","title":{"rendered":"17. Kinder-Haut-Tag"},"content":{"rendered":"<p>Arbeitsgruppe P\u00e4diatrische Dermatologie der \u00d6sterr. Ges. f\u00fcr Dermatologie und Venerologie<\/p>\n<p>Location: Billrothhaus &#8211; Gesellschaft der \u00c4rzte<\/p>\n<p>Strasse: Frankgasse 8<\/p>\n<p>PLZ: 1090, Wien<br \/>\nDatum von\/am: 2026-10-23<br \/>\nDatum bis: 2026-10-23<\/p>\n<p><a href=\"mailto:azmedinfo@media.co.at\">Kontakt<\/a><\/p>\n<p><a href=\"https:\/\/www.kinder-haut-tag.at\/web\/\" target=\"_blank\" rel=\"noopener noreferrer\">Webseite<\/a><\/p>\n","protected":false},"author":2,"featured_media":-1,"menu_order":0,"comment_status":"open","ping_status":"closed","template":"","meta":{"_acf_changed":false,"_et_pb_use_builder":"","_et_pb_old_content":"","_et_gb_content_width":"","inline_featured_image":false},"tags":[],"event_type":[],"event_type_2":[],"class_list":["post-19326","ajde_events","type-ajde_events","status-publish","has-post-thumbnail","hentry","event_location-wien-gesellschaft-der-aerzte-billrothhaus","event_organizer-aerztezentrale-med-info"],"acf":[],"yoast_head":"<!-- This site is optimized with the Yoast SEO plugin v27.5 - https:\/\/yoast.com\/product\/yoast-seo-wordpress\/ -->\n<title>17. Kinder-Haut-Tag - Schweizerische Gesellschaft f\u00fcr Radiologie<\/title>\n<meta name=\"robots\" content=\"index, follow, max-snippet:-1, max-image-preview:large, max-video-preview:-1\" \/>\n<link rel=\"canonical\" href=\"https:\/\/sgr-ssr.ch\/fr\/events\/17-kinder-haut-tag\/\" \/>\n<meta property=\"og:locale\" content=\"fr_FR\" \/>\n<meta property=\"og:type\" content=\"article\" \/>\n<meta property=\"og:title\" content=\"17. Kinder-Haut-Tag - Schweizerische Gesellschaft f\u00fcr Radiologie\" \/>\n<meta property=\"og:description\" content=\"Arbeitsgruppe P\u00e4diatrische Dermatologie der \u00d6sterr. Ges. f\u00fcr Dermatologie und Venerologie Location: Billrothhaus &#8211; Gesellschaft der \u00c4rzte Strasse: Frankgasse 8 PLZ: 1090, Wien Datum von\/am: 2026-10-23 Datum bis: 2026-10-23 Kontakt Webseite\" \/>\n<meta property=\"og:url\" content=\"https:\/\/sgr-ssr.ch\/fr\/events\/17-kinder-haut-tag\/\" \/>\n<meta property=\"og:site_name\" content=\"Schweizerische Gesellschaft f\u00fcr Radiologie\" \/>\n<meta name=\"twitter:card\" content=\"summary_large_image\" \/>\n<script type=\"application\/ld+json\" class=\"yoast-schema-graph\">{\"@context\":\"https:\\\/\\\/schema.org\",\"@graph\":[{\"@type\":\"WebPage\",\"@id\":\"https:\\\/\\\/sgr-ssr.ch\\\/fr\\\/events\\\/17-kinder-haut-tag\\\/\",\"url\":\"https:\\\/\\\/sgr-ssr.ch\\\/fr\\\/events\\\/17-kinder-haut-tag\\\/\",\"name\":\"17. Kinder-Haut-Tag - Schweizerische Gesellschaft f\u00fcr Radiologie\",\"isPartOf\":{\"@id\":\"https:\\\/\\\/sgr-ssr.ch\\\/#website\"},\"datePublished\":\"2026-02-25T13:00:32+00:00\",\"breadcrumb\":{\"@id\":\"https:\\\/\\\/sgr-ssr.ch\\\/fr\\\/events\\\/17-kinder-haut-tag\\\/#breadcrumb\"},\"inLanguage\":\"fr-FR\",\"potentialAction\":[{\"@type\":\"ReadAction\",\"target\":[\"https:\\\/\\\/sgr-ssr.ch\\\/fr\\\/events\\\/17-kinder-haut-tag\\\/\"]}]},{\"@type\":\"BreadcrumbList\",\"@id\":\"https:\\\/\\\/sgr-ssr.ch\\\/fr\\\/events\\\/17-kinder-haut-tag\\\/#breadcrumb\",\"itemListElement\":[{\"@type\":\"ListItem\",\"position\":1,\"name\":\"Home\",\"item\":\"https:\\\/\\\/sgr-ssr.ch\\\/fr\\\/\"},{\"@type\":\"ListItem\",\"position\":2,\"name\":\"Events\",\"item\":\"https:\\\/\\\/sgr-ssr.ch\\\/fr\\\/events\\\/\"},{\"@type\":\"ListItem\",\"position\":3,\"name\":\"17. Kinder-Haut-Tag\"}]},{\"@type\":\"WebSite\",\"@id\":\"https:\\\/\\\/sgr-ssr.ch\\\/#website\",\"url\":\"https:\\\/\\\/sgr-ssr.ch\\\/\",\"name\":\"Schweizerische Gesellschaft f\u00fcr Radiologie\",\"description\":\"Just another WordPress site\",\"potentialAction\":[{\"@type\":\"SearchAction\",\"target\":{\"@type\":\"EntryPoint\",\"urlTemplate\":\"https:\\\/\\\/sgr-ssr.ch\\\/?s={search_term_string}\"},\"query-input\":{\"@type\":\"PropertyValueSpecification\",\"valueRequired\":true,\"valueName\":\"search_term_string\"}}],\"inLanguage\":\"fr-FR\"}]}<\/script>\n<!-- \/ Yoast SEO plugin. -->","yoast_head_json":{"title":"17. Kinder-Haut-Tag - Schweizerische Gesellschaft f\u00fcr Radiologie","robots":{"index":"index","follow":"follow","max-snippet":"max-snippet:-1","max-image-preview":"max-image-preview:large","max-video-preview":"max-video-preview:-1"},"canonical":"https:\/\/sgr-ssr.ch\/fr\/events\/17-kinder-haut-tag\/","og_locale":"fr_FR","og_type":"article","og_title":"17. Kinder-Haut-Tag - Schweizerische Gesellschaft f\u00fcr Radiologie","og_description":"Arbeitsgruppe P\u00e4diatrische Dermatologie der \u00d6sterr. Ges. f\u00fcr Dermatologie und Venerologie Location: Billrothhaus &#8211; Gesellschaft der \u00c4rzte Strasse: Frankgasse 8 PLZ: 1090, Wien Datum von\/am: 2026-10-23 Datum bis: 2026-10-23 Kontakt Webseite","og_url":"https:\/\/sgr-ssr.ch\/fr\/events\/17-kinder-haut-tag\/","og_site_name":"Schweizerische Gesellschaft f\u00fcr Radiologie","twitter_card":"summary_large_image","schema":{"@context":"https:\/\/schema.org","@graph":[{"@type":"WebPage","@id":"https:\/\/sgr-ssr.ch\/fr\/events\/17-kinder-haut-tag\/","url":"https:\/\/sgr-ssr.ch\/fr\/events\/17-kinder-haut-tag\/","name":"17. Kinder-Haut-Tag - Schweizerische Gesellschaft f\u00fcr Radiologie","isPartOf":{"@id":"https:\/\/sgr-ssr.ch\/#website"},"datePublished":"2026-02-25T13:00:32+00:00","breadcrumb":{"@id":"https:\/\/sgr-ssr.ch\/fr\/events\/17-kinder-haut-tag\/#breadcrumb"},"inLanguage":"fr-FR","potentialAction":[{"@type":"ReadAction","target":["https:\/\/sgr-ssr.ch\/fr\/events\/17-kinder-haut-tag\/"]}]},{"@type":"BreadcrumbList","@id":"https:\/\/sgr-ssr.ch\/fr\/events\/17-kinder-haut-tag\/#breadcrumb","itemListElement":[{"@type":"ListItem","position":1,"name":"Home","item":"https:\/\/sgr-ssr.ch\/fr\/"},{"@type":"ListItem","position":2,"name":"Events","item":"https:\/\/sgr-ssr.ch\/fr\/events\/"},{"@type":"ListItem","position":3,"name":"17. Kinder-Haut-Tag"}]},{"@type":"WebSite","@id":"https:\/\/sgr-ssr.ch\/#website","url":"https:\/\/sgr-ssr.ch\/","name":"Schweizerische Gesellschaft f\u00fcr Radiologie","description":"Just another WordPress site","potentialAction":[{"@type":"SearchAction","target":{"@type":"EntryPoint","urlTemplate":"https:\/\/sgr-ssr.ch\/?s={search_term_string}"},"query-input":{"@type":"PropertyValueSpecification","valueRequired":true,"valueName":"search_term_string"}}],"inLanguage":"fr-FR"}]}},"_links":{"self":[{"href":"https:\/\/sgr-ssr.ch\/fr\/wp-json\/wp\/v2\/ajde_events\/19326","targetHints":{"allow":["GET"]}}],"collection":[{"href":"https:\/\/sgr-ssr.ch\/fr\/wp-json\/wp\/v2\/ajde_events"}],"about":[{"href":"https:\/\/sgr-ssr.ch\/fr\/wp-json\/wp\/v2\/types\/ajde_events"}],"author":[{"embeddable":true,"href":"https:\/\/sgr-ssr.ch\/fr\/wp-json\/wp\/v2\/users\/2"}],"replies":[{"embeddable":true,"href":"https:\/\/sgr-ssr.ch\/fr\/wp-json\/wp\/v2\/comments?post=19326"}],"wp:featuredmedia":[{"embeddable":true,"href":"https:\/\/sgr-ssr.ch\/fr\/wp-json\/"}],"wp:attachment":[{"href":"https:\/\/sgr-ssr.ch\/fr\/wp-json\/wp\/v2\/media?parent=19326"}],"wp:term":[{"taxonomy":"post_tag","embeddable":true,"href":"https:\/\/sgr-ssr.ch\/fr\/wp-json\/wp\/v2\/tags?post=19326"},{"taxonomy":"event_type","embeddable":true,"href":"https:\/\/sgr-ssr.ch\/fr\/wp-json\/wp\/v2\/event_type?post=19326"},{"taxonomy":"event_type_2","embeddable":true,"href":"https:\/\/sgr-ssr.ch\/fr\/wp-json\/wp\/v2\/event_type_2?post=19326"}],"curies":[{"name":"wp","href":"https:\/\/api.w.org\/{rel}","templated":true}]}}

<p>Arbeitsgruppe Pädiatrische Dermatologie der Österr. Ges. für Dermatologie und Venerologie</p>
<p>Location: Billrothhaus &#8211; Gesellschaft der Ärzte</p>
<p>Strasse: Frankgasse 8</p>
<p>PLZ: 1090, Wien<br />
Datum von/am: 2026-10-23<br />
Datum bis: 2026-10-23</p>
<p><a href="mailto:azmedinfo@media.co.at">Kontakt</a></p>
<p><a href="https://www.kinder-haut-tag.at/web/" target="_blank" rel="noopener noreferrer">Webseite</a></p>

<!-- This site is optimized with the Yoast SEO plugin v27.5 - https://yoast.com/product/yoast-seo-wordpress/ -->
<title>17. Kinder-Haut-Tag - Schweizerische Gesellschaft für Radiologie</title>
<meta name="robots" content="index, follow, max-snippet:-1, max-image-preview:large, max-video-preview:-1" />
<link rel="canonical" href="https://sgr-ssr.ch/fr/events/17-kinder-haut-tag/" />
<meta property="og:locale" content="fr_FR" />
<meta property="og:type" content="article" />
<meta property="og:title" content="17. Kinder-Haut-Tag - Schweizerische Gesellschaft für Radiologie" />
<meta property="og:description" content="Arbeitsgruppe Pädiatrische Dermatologie der Österr. Ges. für Dermatologie und Venerologie Location: Billrothhaus &#8211; Gesellschaft der Ärzte Strasse: Frankgasse 8 PLZ: 1090, Wien Datum von/am: 2026-10-23 Datum bis: 2026-10-23 Kontakt Webseite" />
<meta property="og:url" content="https://sgr-ssr.ch/fr/events/17-kinder-haut-tag/" />
<meta property="og:site_name" content="Schweizerische Gesellschaft für Radiologie" />
<meta name="twitter:card" content="summary_large_image" />
<script type="application/ld+json" class="yoast-schema-graph">{"@context":"https:\/\/schema.org","@graph":[{"@type":"WebPage","@id":"https:\/\/sgr-ssr.ch\/fr\/events\/17-kinder-haut-tag\/","url":"https:\/\/sgr-ssr.ch\/fr\/events\/17-kinder-haut-tag\/","name":"17. Kinder-Haut-Tag - Schweizerische Gesellschaft für Radiologie","isPartOf":{"@id":"https:\/\/sgr-ssr.ch\/#website"},"datePublished":"2026-02-25T13:00:32+00:00","breadcrumb":{"@id":"https:\/\/sgr-ssr.ch\/fr\/events\/17-kinder-haut-tag\/#breadcrumb"},"inLanguage":"fr-FR","potentialAction":[{"@type":"ReadAction","target":["https:\/\/sgr-ssr.ch\/fr\/events\/17-kinder-haut-tag\/"]}]},{"@type":"BreadcrumbList","@id":"https:\/\/sgr-ssr.ch\/fr\/events\/17-kinder-haut-tag\/#breadcrumb","itemListElement":[{"@type":"ListItem","position":1,"name":"Home","item":"https:\/\/sgr-ssr.ch\/fr\/"},{"@type":"ListItem","position":2,"name":"Events","item":"https:\/\/sgr-ssr.ch\/fr\/events\/"},{"@type":"ListItem","position":3,"name":"17. Kinder-Haut-Tag"}]},{"@type":"WebSite","@id":"https:\/\/sgr-ssr.ch\/#website","url":"https:\/\/sgr-ssr.ch\/","name":"Schweizerische Gesellschaft für Radiologie","description":"Just another WordPress site","potentialAction":[{"@type":"SearchAction","target":{"@type":"EntryPoint","urlTemplate":"https:\/\/sgr-ssr.ch\/?s={search_term_string}"},"query-input":{"@type":"PropertyValueSpecification","valueRequired":true,"valueName":"search_term_string"}}],"inLanguage":"fr-FR"}]}</script>
<!-- / Yoast SEO plugin. -->

17. Kinder-Haut-Tag - Schweizerische Gesellschaft für Radiologie

Arbeitsgruppe Pädiatrische Dermatologie der Österr. Ges. für Dermatologie und Venerologie Location: Billrothhaus &#8211; Gesellschaft der Ärzte Strasse: Frankgasse 8 PLZ: 1090, Wien Datum von/am: 2026-10-23 Datum bis: 2026-10-23 Kontakt Webseite

Schweizerische Gesellschaft für Radiologie
