{"id":19327,"date":"2026-02-25T13:09:38","date_gmt":"2026-02-25T13:09:38","guid":{"rendered":"https:\/\/sgr-ssr.ch\/?post_type=ajde_events&#038;p=19327"},"modified":"2026-02-25T14:02:37","modified_gmt":"2026-02-25T14:02:37","slug":"xxxiiie-symposium-franco-hongrois-de-radiologie","status":"publish","type":"ajde_events","link":"https:\/\/sgr-ssr.ch\/fr\/events\/xxxiiie-symposium-franco-hongrois-de-radiologie\/","title":{"rendered":"XXXIIIe Symposium Franco-Hongrois de Radiologie"},"content":{"rendered":"<p>Chers coll\u00e8gues,<\/p>\n<p>Au cours des deux prochaines ann\u00e9es, nous organiserons des Symposiums th\u00e8matiques. Pour 2026, nous avons con\u00e7u le programme en collaboration avec le groupe\u00a0<b>&laquo;&nbsp;SFR Onco&nbsp;&raquo;<\/b>\u00a0de la Soci\u00e9t\u00e9 Fran\u00e7aise de Radiologie (SFR). Le fil conducteur sera donc l&rsquo;oncologie et comme d\u2019habitude nous traiterons diff\u00e9rents syst\u00e8mes d&rsquo;organes.<\/p>\n<p>Nos orateurs invit\u00e9s sont tous les repr\u00e9sentants de ce groupe de travail de la SFR, leader dans le domaine de la radio-oncologie.<\/p>\n<p><b>Le congr\u00e8s est enti\u00e8rement francophone<\/b>, toutes les communications et diapositives et tous les \u00e9changes sont en fran\u00e7ais, traduits pour le public hongrois par des radiologues francophones.<\/p>\n<p><b>Le mercredi apr\u00e8s-midi auront lieu des ateliers<\/b>\u00a0de cas cliniques autour des grands th\u00e8mes du congr\u00e8s.<\/p>\n<p><b>Le jeudi et le vendredi les s\u00e9ances pl\u00e9ni\u00e8res<\/b>\u00a0aborderons entre autres les sujets suivants :<\/p>\n<ul>\n<li>En\u00a0<b>Neuroradiologie<\/b>, les m\u00e9ninges, le syst\u00e8me glymphatique, les tum\u00e9factions de la moelle \u00e9pini\u00e8re et les pathologies de la selle turcique<\/li>\n<li>En\u00a0<b>imagerie abdominale<\/b>, les tumeurs de l&rsquo;intestin gr\u00eale, du c\u00f4lon et du rectum<\/li>\n<li>En\u00a0<b>imagerie ORL<\/b>, les tumeurs des voies a\u00e9rodigestives sup\u00e9rieures, les glandes salivaires et les ad\u00e9nopathies cervicales atypiques<\/li>\n<li>En\u00a0<b>imagerie MSK<\/b>, les bases de l\u2019imagerie des tumeurs osseuses et des parties molles, les tumeurs et pseudotumeurs de la base et de la vo\u00fbte du cr\u00e2ne, les nouvelles applications IA<\/li>\n<\/ul>\n<p>Ce symposium a toujours \u00e9t\u00e9 un lieu d\u2019\u00e9change et de partage confraternel et amical, catalyseur de projets franco-hongrois. Nous vous attendons donc nombreux pour participer \u00e0 ce projet organis\u00e9 depuis 1992 dans la magnifique capitale hongroise de Budapest.<\/p>\n<p><b>Au plaisir de vous y retrouver!<\/b><\/p>\n<p>Le comit\u00e9 d&rsquo;organisation :<br \/>\nG\u00e1bor Forrai et Jean-Pierre Tasu, pr\u00e9sidents<br \/>\nAnna Kerpel-Fronius et Andr\u00e1s Barta, co-pr\u00e9sidents<\/p>\n<p><a href=\"https:\/\/radio.kmcongress.com\/fr\" target=\"_blank\" rel=\"noopener noreferrer\">site web<\/a><\/p>\n<p><a href=\"mailto:info@kmcongress.com\">contacte<\/a><\/p>\n","protected":false},"author":2,"featured_media":-1,"menu_order":0,"comment_status":"open","ping_status":"closed","template":"","meta":{"_acf_changed":false,"_et_pb_use_builder":"","_et_pb_old_content":"","_et_gb_content_width":"","inline_featured_image":false},"tags":[],"event_type":[],"event_type_2":[],"class_list":["post-19327","ajde_events","type-ajde_events","status-publish","has-post-thumbnail","hentry","event_location-hotel-mercure-budapest-castle-hill","event_organizer-societe-francaise-de-radiologie-sfr"],"acf":[],"yoast_head":"<!-- This site is optimized with the Yoast SEO plugin v27.5 - https:\/\/yoast.com\/product\/yoast-seo-wordpress\/ -->\n<title>XXXIIIe Symposium Franco-Hongrois de Radiologie - Schweizerische Gesellschaft f\u00fcr Radiologie<\/title>\n<meta name=\"robots\" content=\"index, follow, max-snippet:-1, max-image-preview:large, max-video-preview:-1\" \/>\n<link rel=\"canonical\" href=\"https:\/\/sgr-ssr.ch\/fr\/events\/xxxiiie-symposium-franco-hongrois-de-radiologie\/\" \/>\n<meta property=\"og:locale\" content=\"fr_FR\" \/>\n<meta property=\"og:type\" content=\"article\" \/>\n<meta property=\"og:title\" content=\"XXXIIIe Symposium Franco-Hongrois de Radiologie - Schweizerische Gesellschaft f\u00fcr Radiologie\" \/>\n<meta property=\"og:description\" content=\"Chers coll\u00e8gues, Au cours des deux prochaines ann\u00e9es, nous organiserons des Symposiums th\u00e8matiques. Pour 2026, nous avons con\u00e7u le programme en collaboration avec le groupe\u00a0&laquo;&nbsp;SFR Onco&nbsp;&raquo;\u00a0de la Soci\u00e9t\u00e9 Fran\u00e7aise de Radiologie (SFR). Le fil conducteur sera donc l&rsquo;oncologie et comme d\u2019habitude nous traiterons diff\u00e9rents syst\u00e8mes d&rsquo;organes. Nos orateurs invit\u00e9s sont tous les repr\u00e9sentants de ce [&hellip;]\" \/>\n<meta property=\"og:url\" content=\"https:\/\/sgr-ssr.ch\/fr\/events\/xxxiiie-symposium-franco-hongrois-de-radiologie\/\" \/>\n<meta property=\"og:site_name\" content=\"Schweizerische Gesellschaft f\u00fcr Radiologie\" \/>\n<meta property=\"article:modified_time\" content=\"2026-02-25T14:02:37+00:00\" \/>\n<meta name=\"twitter:card\" content=\"summary_large_image\" \/>\n<meta name=\"twitter:label1\" content=\"Est. reading time\" \/>\n\t<meta name=\"twitter:data1\" content=\"2 minutes\" \/>\n<script type=\"application\/ld+json\" class=\"yoast-schema-graph\">{\"@context\":\"https:\\\/\\\/schema.org\",\"@graph\":[{\"@type\":\"WebPage\",\"@id\":\"https:\\\/\\\/sgr-ssr.ch\\\/fr\\\/events\\\/xxxiiie-symposium-franco-hongrois-de-radiologie\\\/\",\"url\":\"https:\\\/\\\/sgr-ssr.ch\\\/fr\\\/events\\\/xxxiiie-symposium-franco-hongrois-de-radiologie\\\/\",\"name\":\"XXXIIIe Symposium Franco-Hongrois de Radiologie - Schweizerische Gesellschaft f\u00fcr Radiologie\",\"isPartOf\":{\"@id\":\"https:\\\/\\\/sgr-ssr.ch\\\/#website\"},\"datePublished\":\"2026-02-25T13:09:38+00:00\",\"dateModified\":\"2026-02-25T14:02:37+00:00\",\"breadcrumb\":{\"@id\":\"https:\\\/\\\/sgr-ssr.ch\\\/fr\\\/events\\\/xxxiiie-symposium-franco-hongrois-de-radiologie\\\/#breadcrumb\"},\"inLanguage\":\"fr-FR\",\"potentialAction\":[{\"@type\":\"ReadAction\",\"target\":[\"https:\\\/\\\/sgr-ssr.ch\\\/fr\\\/events\\\/xxxiiie-symposium-franco-hongrois-de-radiologie\\\/\"]}]},{\"@type\":\"BreadcrumbList\",\"@id\":\"https:\\\/\\\/sgr-ssr.ch\\\/fr\\\/events\\\/xxxiiie-symposium-franco-hongrois-de-radiologie\\\/#breadcrumb\",\"itemListElement\":[{\"@type\":\"ListItem\",\"position\":1,\"name\":\"Home\",\"item\":\"https:\\\/\\\/sgr-ssr.ch\\\/fr\\\/\"},{\"@type\":\"ListItem\",\"position\":2,\"name\":\"Events\",\"item\":\"https:\\\/\\\/sgr-ssr.ch\\\/fr\\\/events\\\/\"},{\"@type\":\"ListItem\",\"position\":3,\"name\":\"XXXIIIe Symposium Franco-Hongrois de Radiologie\"}]},{\"@type\":\"WebSite\",\"@id\":\"https:\\\/\\\/sgr-ssr.ch\\\/#website\",\"url\":\"https:\\\/\\\/sgr-ssr.ch\\\/\",\"name\":\"Schweizerische Gesellschaft f\u00fcr Radiologie\",\"description\":\"Just another WordPress site\",\"potentialAction\":[{\"@type\":\"SearchAction\",\"target\":{\"@type\":\"EntryPoint\",\"urlTemplate\":\"https:\\\/\\\/sgr-ssr.ch\\\/?s={search_term_string}\"},\"query-input\":{\"@type\":\"PropertyValueSpecification\",\"valueRequired\":true,\"valueName\":\"search_term_string\"}}],\"inLanguage\":\"fr-FR\"}]}<\/script>\n<!-- \/ Yoast SEO plugin. -->","yoast_head_json":{"title":"XXXIIIe Symposium Franco-Hongrois de Radiologie - Schweizerische Gesellschaft f\u00fcr Radiologie","robots":{"index":"index","follow":"follow","max-snippet":"max-snippet:-1","max-image-preview":"max-image-preview:large","max-video-preview":"max-video-preview:-1"},"canonical":"https:\/\/sgr-ssr.ch\/fr\/events\/xxxiiie-symposium-franco-hongrois-de-radiologie\/","og_locale":"fr_FR","og_type":"article","og_title":"XXXIIIe Symposium Franco-Hongrois de Radiologie - Schweizerische Gesellschaft f\u00fcr Radiologie","og_description":"Chers coll\u00e8gues, Au cours des deux prochaines ann\u00e9es, nous organiserons des Symposiums th\u00e8matiques. Pour 2026, nous avons con\u00e7u le programme en collaboration avec le groupe\u00a0&laquo;&nbsp;SFR Onco&nbsp;&raquo;\u00a0de la Soci\u00e9t\u00e9 Fran\u00e7aise de Radiologie (SFR). Le fil conducteur sera donc l&rsquo;oncologie et comme d\u2019habitude nous traiterons diff\u00e9rents syst\u00e8mes d&rsquo;organes. Nos orateurs invit\u00e9s sont tous les repr\u00e9sentants de ce [&hellip;]","og_url":"https:\/\/sgr-ssr.ch\/fr\/events\/xxxiiie-symposium-franco-hongrois-de-radiologie\/","og_site_name":"Schweizerische Gesellschaft f\u00fcr Radiologie","article_modified_time":"2026-02-25T14:02:37+00:00","twitter_card":"summary_large_image","twitter_misc":{"Est. reading time":"2 minutes"},"schema":{"@context":"https:\/\/schema.org","@graph":[{"@type":"WebPage","@id":"https:\/\/sgr-ssr.ch\/fr\/events\/xxxiiie-symposium-franco-hongrois-de-radiologie\/","url":"https:\/\/sgr-ssr.ch\/fr\/events\/xxxiiie-symposium-franco-hongrois-de-radiologie\/","name":"XXXIIIe Symposium Franco-Hongrois de Radiologie - Schweizerische Gesellschaft f\u00fcr Radiologie","isPartOf":{"@id":"https:\/\/sgr-ssr.ch\/#website"},"datePublished":"2026-02-25T13:09:38+00:00","dateModified":"2026-02-25T14:02:37+00:00","breadcrumb":{"@id":"https:\/\/sgr-ssr.ch\/fr\/events\/xxxiiie-symposium-franco-hongrois-de-radiologie\/#breadcrumb"},"inLanguage":"fr-FR","potentialAction":[{"@type":"ReadAction","target":["https:\/\/sgr-ssr.ch\/fr\/events\/xxxiiie-symposium-franco-hongrois-de-radiologie\/"]}]},{"@type":"BreadcrumbList","@id":"https:\/\/sgr-ssr.ch\/fr\/events\/xxxiiie-symposium-franco-hongrois-de-radiologie\/#breadcrumb","itemListElement":[{"@type":"ListItem","position":1,"name":"Home","item":"https:\/\/sgr-ssr.ch\/fr\/"},{"@type":"ListItem","position":2,"name":"Events","item":"https:\/\/sgr-ssr.ch\/fr\/events\/"},{"@type":"ListItem","position":3,"name":"XXXIIIe Symposium Franco-Hongrois de Radiologie"}]},{"@type":"WebSite","@id":"https:\/\/sgr-ssr.ch\/#website","url":"https:\/\/sgr-ssr.ch\/","name":"Schweizerische Gesellschaft f\u00fcr Radiologie","description":"Just another WordPress site","potentialAction":[{"@type":"SearchAction","target":{"@type":"EntryPoint","urlTemplate":"https:\/\/sgr-ssr.ch\/?s={search_term_string}"},"query-input":{"@type":"PropertyValueSpecification","valueRequired":true,"valueName":"search_term_string"}}],"inLanguage":"fr-FR"}]}},"_links":{"self":[{"href":"https:\/\/sgr-ssr.ch\/fr\/wp-json\/wp\/v2\/ajde_events\/19327","targetHints":{"allow":["GET"]}}],"collection":[{"href":"https:\/\/sgr-ssr.ch\/fr\/wp-json\/wp\/v2\/ajde_events"}],"about":[{"href":"https:\/\/sgr-ssr.ch\/fr\/wp-json\/wp\/v2\/types\/ajde_events"}],"author":[{"embeddable":true,"href":"https:\/\/sgr-ssr.ch\/fr\/wp-json\/wp\/v2\/users\/2"}],"replies":[{"embeddable":true,"href":"https:\/\/sgr-ssr.ch\/fr\/wp-json\/wp\/v2\/comments?post=19327"}],"wp:featuredmedia":[{"embeddable":true,"href":"https:\/\/sgr-ssr.ch\/fr\/wp-json\/"}],"wp:attachment":[{"href":"https:\/\/sgr-ssr.ch\/fr\/wp-json\/wp\/v2\/media?parent=19327"}],"wp:term":[{"taxonomy":"post_tag","embeddable":true,"href":"https:\/\/sgr-ssr.ch\/fr\/wp-json\/wp\/v2\/tags?post=19327"},{"taxonomy":"event_type","embeddable":true,"href":"https:\/\/sgr-ssr.ch\/fr\/wp-json\/wp\/v2\/event_type?post=19327"},{"taxonomy":"event_type_2","embeddable":true,"href":"https:\/\/sgr-ssr.ch\/fr\/wp-json\/wp\/v2\/event_type_2?post=19327"}],"curies":[{"name":"wp","href":"https:\/\/api.w.org\/{rel}","templated":true}]}}

<p>Chers collègues,</p>
<p>Au cours des deux prochaines années, nous organiserons des Symposiums thèmatiques. Pour 2026, nous avons conçu le programme en collaboration avec le groupe <b>&laquo;&nbsp;SFR Onco&nbsp;&raquo;</b> de la Société Française de Radiologie (SFR). Le fil conducteur sera donc l&rsquo;oncologie et comme d’habitude nous traiterons différents systèmes d&rsquo;organes.</p>
<p>Nos orateurs invités sont tous les représentants de ce groupe de travail de la SFR, leader dans le domaine de la radio-oncologie.</p>
<p><b>Le congrès est entièrement francophone</b>, toutes les communications et diapositives et tous les échanges sont en français, traduits pour le public hongrois par des radiologues francophones.</p>
<p><b>Le mercredi après-midi auront lieu des ateliers</b> de cas cliniques autour des grands thèmes du congrès.</p>
<p><b>Le jeudi et le vendredi les séances plénières</b> aborderons entre autres les sujets suivants :</p>
<ul>
<li>En <b>Neuroradiologie</b>, les méninges, le système glymphatique, les tuméfactions de la moelle épinière et les pathologies de la selle turcique</li>
<li>En <b>imagerie abdominale</b>, les tumeurs de l&rsquo;intestin grêle, du côlon et du rectum</li>
<li>En <b>imagerie ORL</b>, les tumeurs des voies aérodigestives supérieures, les glandes salivaires et les adénopathies cervicales atypiques</li>
<li>En <b>imagerie MSK</b>, les bases de l’imagerie des tumeurs osseuses et des parties molles, les tumeurs et pseudotumeurs de la base et de la voûte du crâne, les nouvelles applications IA</li>
</ul>
<p>Ce symposium a toujours été un lieu d’échange et de partage confraternel et amical, catalyseur de projets franco-hongrois. Nous vous attendons donc nombreux pour participer à ce projet organisé depuis 1992 dans la magnifique capitale hongroise de Budapest.</p>
<p><b>Au plaisir de vous y retrouver!</b></p>
<p>Le comité d&rsquo;organisation :<br />
Gábor Forrai et Jean-Pierre Tasu, présidents<br />
Anna Kerpel-Fronius et András Barta, co-présidents</p>
<p><a href="https://radio.kmcongress.com/fr" target="_blank" rel="noopener noreferrer">site web</a></p>
<p><a href="mailto:info@kmcongress.com">contacte</a></p>

<!-- This site is optimized with the Yoast SEO plugin v27.5 - https://yoast.com/product/yoast-seo-wordpress/ -->
<title>XXXIIIe Symposium Franco-Hongrois de Radiologie - Schweizerische Gesellschaft für Radiologie</title>
<meta name="robots" content="index, follow, max-snippet:-1, max-image-preview:large, max-video-preview:-1" />
<link rel="canonical" href="https://sgr-ssr.ch/fr/events/xxxiiie-symposium-franco-hongrois-de-radiologie/" />
<meta property="og:locale" content="fr_FR" />
<meta property="og:type" content="article" />
<meta property="og:title" content="XXXIIIe Symposium Franco-Hongrois de Radiologie - Schweizerische Gesellschaft für Radiologie" />
<meta property="og:description" content="Chers collègues, Au cours des deux prochaines années, nous organiserons des Symposiums thèmatiques. Pour 2026, nous avons conçu le programme en collaboration avec le groupe &laquo;&nbsp;SFR Onco&nbsp;&raquo; de la Société Française de Radiologie (SFR). Le fil conducteur sera donc l&rsquo;oncologie et comme d’habitude nous traiterons différents systèmes d&rsquo;organes. Nos orateurs invités sont tous les représentants de ce [&hellip;]" />
<meta property="og:url" content="https://sgr-ssr.ch/fr/events/xxxiiie-symposium-franco-hongrois-de-radiologie/" />
<meta property="og:site_name" content="Schweizerische Gesellschaft für Radiologie" />
<meta property="article:modified_time" content="2026-02-25T14:02:37+00:00" />
<meta name="twitter:card" content="summary_large_image" />
<meta name="twitter:label1" content="Est. reading time" />
	<meta name="twitter:data1" content="2 minutes" />
<script type="application/ld+json" class="yoast-schema-graph">{"@context":"https:\/\/schema.org","@graph":[{"@type":"WebPage","@id":"https:\/\/sgr-ssr.ch\/fr\/events\/xxxiiie-symposium-franco-hongrois-de-radiologie\/","url":"https:\/\/sgr-ssr.ch\/fr\/events\/xxxiiie-symposium-franco-hongrois-de-radiologie\/","name":"XXXIIIe Symposium Franco-Hongrois de Radiologie - Schweizerische Gesellschaft für Radiologie","isPartOf":{"@id":"https:\/\/sgr-ssr.ch\/#website"},"datePublished":"2026-02-25T13:09:38+00:00","dateModified":"2026-02-25T14:02:37+00:00","breadcrumb":{"@id":"https:\/\/sgr-ssr.ch\/fr\/events\/xxxiiie-symposium-franco-hongrois-de-radiologie\/#breadcrumb"},"inLanguage":"fr-FR","potentialAction":[{"@type":"ReadAction","target":["https:\/\/sgr-ssr.ch\/fr\/events\/xxxiiie-symposium-franco-hongrois-de-radiologie\/"]}]},{"@type":"BreadcrumbList","@id":"https:\/\/sgr-ssr.ch\/fr\/events\/xxxiiie-symposium-franco-hongrois-de-radiologie\/#breadcrumb","itemListElement":[{"@type":"ListItem","position":1,"name":"Home","item":"https:\/\/sgr-ssr.ch\/fr\/"},{"@type":"ListItem","position":2,"name":"Events","item":"https:\/\/sgr-ssr.ch\/fr\/events\/"},{"@type":"ListItem","position":3,"name":"XXXIIIe Symposium Franco-Hongrois de Radiologie"}]},{"@type":"WebSite","@id":"https:\/\/sgr-ssr.ch\/#website","url":"https:\/\/sgr-ssr.ch\/","name":"Schweizerische Gesellschaft für Radiologie","description":"Just another WordPress site","potentialAction":[{"@type":"SearchAction","target":{"@type":"EntryPoint","urlTemplate":"https:\/\/sgr-ssr.ch\/?s={search_term_string}"},"query-input":{"@type":"PropertyValueSpecification","valueRequired":true,"valueName":"search_term_string"}}],"inLanguage":"fr-FR"}]}</script>
<!-- / Yoast SEO plugin. -->

XXXIIIe Symposium Franco-Hongrois de Radiologie - Schweizerische Gesellschaft für Radiologie

Chers collègues, Au cours des deux prochaines années, nous organiserons des Symposiums thèmatiques. Pour 2026, nous avons conçu le programme en collaboration avec le groupe &laquo;&nbsp;SFR Onco&nbsp;&raquo; de la Société Française de Radiologie (SFR). Le fil conducteur sera donc l&rsquo;oncologie et comme d’habitude nous traiterons différents systèmes d&rsquo;organes. Nos orateurs invités sont tous les représentants de ce [&hellip;]

Schweizerische Gesellschaft für Radiologie
