{"id":19472,"date":"2026-03-30T11:21:06","date_gmt":"2026-03-30T11:21:06","guid":{"rendered":"https:\/\/sgr-ssr.ch\/events\/70-oesterreichischer-hno-kongress-2026\/"},"modified":"2026-03-30T11:23:37","modified_gmt":"2026-03-30T11:23:37","slug":"70-oesterreichischer-hno-kongress-2026","status":"publish","type":"ajde_events","link":"https:\/\/sgr-ssr.ch\/fr\/events\/70-oesterreichischer-hno-kongress-2026\/","title":{"rendered":"70. \u00d6sterreichischer HNO-Kongress 2026"},"content":{"rendered":"<p>Tagung 70. \u00d6sterreichischer HNO-Kongress 2026\u00a0\u201eNext Generation; Verstehen. Verbinden. Ver\u00e4ndern.\u201c<\/p>\n<p><a href=\"mailto:hno@mondial-congress.com\" target=\"_blank\" rel=\"noopener noreferrer\">contact<\/a><\/p>\n<p><a href=\"https:\/\/www.hno.at\/hno-kongress-2026\/\" target=\"_blank\" rel=\"noopener noreferrer\">website<\/a><\/p>\n","protected":false},"author":2,"featured_media":-1,"menu_order":0,"comment_status":"open","ping_status":"closed","template":"","meta":{"_acf_changed":false,"_et_pb_use_builder":"","_et_pb_old_content":"","_et_gb_content_width":"","inline_featured_image":false},"tags":[],"event_type":[],"event_type_2":[],"class_list":["post-19472","ajde_events","type-ajde_events","status-publish","has-post-thumbnail","hentry","event_location-salzburg-congress","event_organizer-oesterreichische-gesellschaft-fuer-hals-nasen-und-ohrenheilkunde-kopf-und-halschirurgie"],"acf":[],"yoast_head":"<!-- This site is optimized with the Yoast SEO plugin v27.5 - https:\/\/yoast.com\/product\/yoast-seo-wordpress\/ -->\n<title>70. \u00d6sterreichischer HNO-Kongress 2026 - Schweizerische Gesellschaft f\u00fcr Radiologie<\/title>\n<meta name=\"robots\" content=\"index, follow, max-snippet:-1, max-image-preview:large, max-video-preview:-1\" \/>\n<link rel=\"canonical\" href=\"https:\/\/sgr-ssr.ch\/events\/70-oesterreichischer-hno-kongress-2026\/\" \/>\n<meta property=\"og:locale\" content=\"fr_FR\" \/>\n<meta property=\"og:type\" content=\"article\" \/>\n<meta property=\"og:title\" content=\"70. \u00d6sterreichischer HNO-Kongress 2026 - Schweizerische Gesellschaft f\u00fcr Radiologie\" \/>\n<meta property=\"og:description\" content=\"Tagung 70. \u00d6sterreichischer HNO-Kongress 2026\u00a0\u201eNext Generation; Verstehen. Verbinden. Ver\u00e4ndern.\u201c contact website\" \/>\n<meta property=\"og:url\" content=\"https:\/\/sgr-ssr.ch\/events\/70-oesterreichischer-hno-kongress-2026\/\" \/>\n<meta property=\"og:site_name\" content=\"Schweizerische Gesellschaft f\u00fcr Radiologie\" \/>\n<meta property=\"article:modified_time\" content=\"2026-03-30T11:23:37+00:00\" \/>\n<meta name=\"twitter:card\" content=\"summary_large_image\" \/>\n<script type=\"application\/ld+json\" class=\"yoast-schema-graph\">{\"@context\":\"https:\\\/\\\/schema.org\",\"@graph\":[{\"@type\":\"WebPage\",\"@id\":\"https:\\\/\\\/sgr-ssr.ch\\\/events\\\/70-oesterreichischer-hno-kongress-2026\\\/\",\"url\":\"https:\\\/\\\/sgr-ssr.ch\\\/events\\\/70-oesterreichischer-hno-kongress-2026\\\/\",\"name\":\"70. \u00d6sterreichischer HNO-Kongress 2026 - Schweizerische Gesellschaft f\u00fcr Radiologie\",\"isPartOf\":{\"@id\":\"https:\\\/\\\/sgr-ssr.ch\\\/#website\"},\"datePublished\":\"2026-03-30T11:21:06+00:00\",\"dateModified\":\"2026-03-30T11:23:37+00:00\",\"breadcrumb\":{\"@id\":\"https:\\\/\\\/sgr-ssr.ch\\\/events\\\/70-oesterreichischer-hno-kongress-2026\\\/#breadcrumb\"},\"inLanguage\":\"fr-FR\",\"potentialAction\":[{\"@type\":\"ReadAction\",\"target\":[\"https:\\\/\\\/sgr-ssr.ch\\\/events\\\/70-oesterreichischer-hno-kongress-2026\\\/\"]}]},{\"@type\":\"BreadcrumbList\",\"@id\":\"https:\\\/\\\/sgr-ssr.ch\\\/events\\\/70-oesterreichischer-hno-kongress-2026\\\/#breadcrumb\",\"itemListElement\":[{\"@type\":\"ListItem\",\"position\":1,\"name\":\"Home\",\"item\":\"https:\\\/\\\/sgr-ssr.ch\\\/fr\\\/\"},{\"@type\":\"ListItem\",\"position\":2,\"name\":\"Events\",\"item\":\"https:\\\/\\\/sgr-ssr.ch\\\/fr\\\/events\\\/\"},{\"@type\":\"ListItem\",\"position\":3,\"name\":\"70. \u00d6sterreichischer HNO-Kongress 2026\"}]},{\"@type\":\"WebSite\",\"@id\":\"https:\\\/\\\/sgr-ssr.ch\\\/#website\",\"url\":\"https:\\\/\\\/sgr-ssr.ch\\\/\",\"name\":\"Schweizerische Gesellschaft f\u00fcr Radiologie\",\"description\":\"Just another WordPress site\",\"potentialAction\":[{\"@type\":\"SearchAction\",\"target\":{\"@type\":\"EntryPoint\",\"urlTemplate\":\"https:\\\/\\\/sgr-ssr.ch\\\/?s={search_term_string}\"},\"query-input\":{\"@type\":\"PropertyValueSpecification\",\"valueRequired\":true,\"valueName\":\"search_term_string\"}}],\"inLanguage\":\"fr-FR\"}]}<\/script>\n<!-- \/ Yoast SEO plugin. -->","yoast_head_json":{"title":"70. \u00d6sterreichischer HNO-Kongress 2026 - Schweizerische Gesellschaft f\u00fcr Radiologie","robots":{"index":"index","follow":"follow","max-snippet":"max-snippet:-1","max-image-preview":"max-image-preview:large","max-video-preview":"max-video-preview:-1"},"canonical":"https:\/\/sgr-ssr.ch\/events\/70-oesterreichischer-hno-kongress-2026\/","og_locale":"fr_FR","og_type":"article","og_title":"70. \u00d6sterreichischer HNO-Kongress 2026 - Schweizerische Gesellschaft f\u00fcr Radiologie","og_description":"Tagung 70. \u00d6sterreichischer HNO-Kongress 2026\u00a0\u201eNext Generation; Verstehen. Verbinden. Ver\u00e4ndern.\u201c contact website","og_url":"https:\/\/sgr-ssr.ch\/events\/70-oesterreichischer-hno-kongress-2026\/","og_site_name":"Schweizerische Gesellschaft f\u00fcr Radiologie","article_modified_time":"2026-03-30T11:23:37+00:00","twitter_card":"summary_large_image","schema":{"@context":"https:\/\/schema.org","@graph":[{"@type":"WebPage","@id":"https:\/\/sgr-ssr.ch\/events\/70-oesterreichischer-hno-kongress-2026\/","url":"https:\/\/sgr-ssr.ch\/events\/70-oesterreichischer-hno-kongress-2026\/","name":"70. \u00d6sterreichischer HNO-Kongress 2026 - Schweizerische Gesellschaft f\u00fcr Radiologie","isPartOf":{"@id":"https:\/\/sgr-ssr.ch\/#website"},"datePublished":"2026-03-30T11:21:06+00:00","dateModified":"2026-03-30T11:23:37+00:00","breadcrumb":{"@id":"https:\/\/sgr-ssr.ch\/events\/70-oesterreichischer-hno-kongress-2026\/#breadcrumb"},"inLanguage":"fr-FR","potentialAction":[{"@type":"ReadAction","target":["https:\/\/sgr-ssr.ch\/events\/70-oesterreichischer-hno-kongress-2026\/"]}]},{"@type":"BreadcrumbList","@id":"https:\/\/sgr-ssr.ch\/events\/70-oesterreichischer-hno-kongress-2026\/#breadcrumb","itemListElement":[{"@type":"ListItem","position":1,"name":"Home","item":"https:\/\/sgr-ssr.ch\/fr\/"},{"@type":"ListItem","position":2,"name":"Events","item":"https:\/\/sgr-ssr.ch\/fr\/events\/"},{"@type":"ListItem","position":3,"name":"70. \u00d6sterreichischer HNO-Kongress 2026"}]},{"@type":"WebSite","@id":"https:\/\/sgr-ssr.ch\/#website","url":"https:\/\/sgr-ssr.ch\/","name":"Schweizerische Gesellschaft f\u00fcr Radiologie","description":"Just another WordPress site","potentialAction":[{"@type":"SearchAction","target":{"@type":"EntryPoint","urlTemplate":"https:\/\/sgr-ssr.ch\/?s={search_term_string}"},"query-input":{"@type":"PropertyValueSpecification","valueRequired":true,"valueName":"search_term_string"}}],"inLanguage":"fr-FR"}]}},"_links":{"self":[{"href":"https:\/\/sgr-ssr.ch\/fr\/wp-json\/wp\/v2\/ajde_events\/19472","targetHints":{"allow":["GET"]}}],"collection":[{"href":"https:\/\/sgr-ssr.ch\/fr\/wp-json\/wp\/v2\/ajde_events"}],"about":[{"href":"https:\/\/sgr-ssr.ch\/fr\/wp-json\/wp\/v2\/types\/ajde_events"}],"author":[{"embeddable":true,"href":"https:\/\/sgr-ssr.ch\/fr\/wp-json\/wp\/v2\/users\/2"}],"replies":[{"embeddable":true,"href":"https:\/\/sgr-ssr.ch\/fr\/wp-json\/wp\/v2\/comments?post=19472"}],"wp:featuredmedia":[{"embeddable":true,"href":"https:\/\/sgr-ssr.ch\/fr\/wp-json\/"}],"wp:attachment":[{"href":"https:\/\/sgr-ssr.ch\/fr\/wp-json\/wp\/v2\/media?parent=19472"}],"wp:term":[{"taxonomy":"post_tag","embeddable":true,"href":"https:\/\/sgr-ssr.ch\/fr\/wp-json\/wp\/v2\/tags?post=19472"},{"taxonomy":"event_type","embeddable":true,"href":"https:\/\/sgr-ssr.ch\/fr\/wp-json\/wp\/v2\/event_type?post=19472"},{"taxonomy":"event_type_2","embeddable":true,"href":"https:\/\/sgr-ssr.ch\/fr\/wp-json\/wp\/v2\/event_type_2?post=19472"}],"curies":[{"name":"wp","href":"https:\/\/api.w.org\/{rel}","templated":true}]}}

70. Österreichischer HNO-Kongress 2026

<p>Tagung 70. Österreichischer HNO-Kongress 2026 „Next Generation; Verstehen. Verbinden. Verändern.“</p>
<p><a href="mailto:hno@mondial-congress.com" target="_blank" rel="noopener noreferrer">contact</a></p>
<p><a href="https://www.hno.at/hno-kongress-2026/" target="_blank" rel="noopener noreferrer">website</a></p>

<!-- This site is optimized with the Yoast SEO plugin v27.5 - https://yoast.com/product/yoast-seo-wordpress/ -->
<title>70. Österreichischer HNO-Kongress 2026 - Schweizerische Gesellschaft für Radiologie</title>
<meta name="robots" content="index, follow, max-snippet:-1, max-image-preview:large, max-video-preview:-1" />
<link rel="canonical" href="https://sgr-ssr.ch/events/70-oesterreichischer-hno-kongress-2026/" />
<meta property="og:locale" content="fr_FR" />
<meta property="og:type" content="article" />
<meta property="og:title" content="70. Österreichischer HNO-Kongress 2026 - Schweizerische Gesellschaft für Radiologie" />
<meta property="og:description" content="Tagung 70. Österreichischer HNO-Kongress 2026 „Next Generation; Verstehen. Verbinden. Verändern.“ contact website" />
<meta property="og:url" content="https://sgr-ssr.ch/events/70-oesterreichischer-hno-kongress-2026/" />
<meta property="og:site_name" content="Schweizerische Gesellschaft für Radiologie" />
<meta property="article:modified_time" content="2026-03-30T11:23:37+00:00" />
<meta name="twitter:card" content="summary_large_image" />
<script type="application/ld+json" class="yoast-schema-graph">{"@context":"https:\/\/schema.org","@graph":[{"@type":"WebPage","@id":"https:\/\/sgr-ssr.ch\/events\/70-oesterreichischer-hno-kongress-2026\/","url":"https:\/\/sgr-ssr.ch\/events\/70-oesterreichischer-hno-kongress-2026\/","name":"70. Österreichischer HNO-Kongress 2026 - Schweizerische Gesellschaft für Radiologie","isPartOf":{"@id":"https:\/\/sgr-ssr.ch\/#website"},"datePublished":"2026-03-30T11:21:06+00:00","dateModified":"2026-03-30T11:23:37+00:00","breadcrumb":{"@id":"https:\/\/sgr-ssr.ch\/events\/70-oesterreichischer-hno-kongress-2026\/#breadcrumb"},"inLanguage":"fr-FR","potentialAction":[{"@type":"ReadAction","target":["https:\/\/sgr-ssr.ch\/events\/70-oesterreichischer-hno-kongress-2026\/"]}]},{"@type":"BreadcrumbList","@id":"https:\/\/sgr-ssr.ch\/events\/70-oesterreichischer-hno-kongress-2026\/#breadcrumb","itemListElement":[{"@type":"ListItem","position":1,"name":"Home","item":"https:\/\/sgr-ssr.ch\/fr\/"},{"@type":"ListItem","position":2,"name":"Events","item":"https:\/\/sgr-ssr.ch\/fr\/events\/"},{"@type":"ListItem","position":3,"name":"70. Österreichischer HNO-Kongress 2026"}]},{"@type":"WebSite","@id":"https:\/\/sgr-ssr.ch\/#website","url":"https:\/\/sgr-ssr.ch\/","name":"Schweizerische Gesellschaft für Radiologie","description":"Just another WordPress site","potentialAction":[{"@type":"SearchAction","target":{"@type":"EntryPoint","urlTemplate":"https:\/\/sgr-ssr.ch\/?s={search_term_string}"},"query-input":{"@type":"PropertyValueSpecification","valueRequired":true,"valueName":"search_term_string"}}],"inLanguage":"fr-FR"}]}</script>
<!-- / Yoast SEO plugin. -->

70. Österreichischer HNO-Kongress 2026 - Schweizerische Gesellschaft für Radiologie

Tagung 70. Österreichischer HNO-Kongress 2026 „Next Generation; Verstehen. Verbinden. Verändern.“ contact website

Schweizerische Gesellschaft für Radiologie
