{"id":19475,"date":"2026-03-30T11:42:50","date_gmt":"2026-03-30T11:42:50","guid":{"rendered":"https:\/\/sgr-ssr.ch\/events\/formation-continue-en-radioprotection-pour-les-medecins-exploitant-des-installations-de-radiographie-en-cabinet-medical_2\/"},"modified":"2026-03-30T11:43:21","modified_gmt":"2026-03-30T11:43:21","slug":"formation-continue-en-radioprotection-pour-les-medecins-exploitant-des-installations-de-radiographie-en-cabinet-medical_2","status":"publish","type":"ajde_events","link":"https:\/\/sgr-ssr.ch\/fr\/events\/formation-continue-en-radioprotection-pour-les-medecins-exploitant-des-installations-de-radiographie-en-cabinet-medical_2\/","title":{"rendered":"FORMATION CONTINUE EN RADIOPROTECTION POUR LES MEDECINS EXPLOITANT DES INSTALLATIONS DE RADIOGRAPHIE EN CABINET MEDICAL_2"},"content":{"rendered":"<p>L&rsquo;Institut de Radiophysique organise cette formation continue en radioprotection, visant \u00e0 assurer la conservation et l&rsquo;actualisation des comp\u00e9tences.<\/p>\n<p><strong>Contenu<\/strong><\/p>\n<ul>\n<li>19h00 \u2013 20h00\u00a0: Sensibilisation et communication du risque radiologique (Pr Fran\u00e7ois Bochud, Damien Racine, Ana\u00efs Viry)<\/li>\n<li>20h00 \u2013 20h30\u00a0: Plan de radioprotection et blindage des salles de radiographie (Nicolas Cherbuin)<\/li>\n<li>20h30 \u2013 21h00\u00a0: Prise en charge des accidents d\u2019irradiation (Nicolas Cherbuin)<\/li>\n<\/ul>\n<p>Le contenu est le m\u00eame pour chaque session en 2026.<\/p>\n<p><strong>Public cible<\/strong><\/p>\n<p>Radiologues<br \/>\nM\u00e9decins sp\u00e9cialistes au b\u00e9n\u00e9fice des formations MA6 ou MA8 selon Ordonnance sur les formations en radioprotection<br \/>\nM\u00e9decins sp\u00e9cialistes exploitant une installation de radiographie.<\/p>\n<p><strong>Informations pratiques<\/strong><\/p>\n<p>Dur\u00e9e : 2 heures (2 UE)<br \/>\nHoraire : de 19h00 \u00e0 21h00<br \/>\nLieu et dates\u00a0:\u00a0 05\/05\/2026\u00a0: En visioconf\u00e9rence<br \/>\n01\/10\/2026\u00a0: En visioconf\u00e9rence<\/p>\n<p><a href=\"https:\/\/www.chuv.ch\/fr\/ira\/ira-home\/formation-en-radioprotection\/formations-continues\/radiographie-en-cabinet-medical\" target=\"_blank\" rel=\"noopener noreferrer\">Inscription<\/a><\/p>\n","protected":false},"author":2,"featured_media":-1,"menu_order":0,"comment_status":"open","ping_status":"closed","template":"","meta":{"_acf_changed":false,"_et_pb_use_builder":"","_et_pb_old_content":"","_et_gb_content_width":"","inline_featured_image":false},"tags":[],"event_type":[],"event_type_2":[],"class_list":["post-19475","ajde_events","type-ajde_events","status-publish","has-post-thumbnail","hentry","event_organizer-chuv"],"acf":[],"yoast_head":"<!-- This site is optimized with the Yoast SEO plugin v27.5 - https:\/\/yoast.com\/product\/yoast-seo-wordpress\/ -->\n<title>FORMATION CONTINUE EN RADIOPROTECTION POUR LES MEDECINS EXPLOITANT DES INSTALLATIONS DE RADIOGRAPHIE EN CABINET MEDICAL_2 - Schweizerische Gesellschaft f\u00fcr Radiologie<\/title>\n<meta name=\"robots\" content=\"index, follow, max-snippet:-1, max-image-preview:large, max-video-preview:-1\" \/>\n<link rel=\"canonical\" href=\"https:\/\/sgr-ssr.ch\/fr\/events\/formation-continue-en-radioprotection-pour-les-medecins-exploitant-des-installations-de-radiographie-en-cabinet-medical_2\/\" \/>\n<meta property=\"og:locale\" content=\"fr_FR\" \/>\n<meta property=\"og:type\" content=\"article\" \/>\n<meta property=\"og:title\" content=\"FORMATION CONTINUE EN RADIOPROTECTION POUR LES MEDECINS EXPLOITANT DES INSTALLATIONS DE RADIOGRAPHIE EN CABINET MEDICAL_2 - Schweizerische Gesellschaft f\u00fcr Radiologie\" \/>\n<meta property=\"og:description\" content=\"L&rsquo;Institut de Radiophysique organise cette formation continue en radioprotection, visant \u00e0 assurer la conservation et l&rsquo;actualisation des comp\u00e9tences. Contenu 19h00 \u2013 20h00\u00a0: Sensibilisation et communication du risque radiologique (Pr Fran\u00e7ois Bochud, Damien Racine, Ana\u00efs Viry) 20h00 \u2013 20h30\u00a0: Plan de radioprotection et blindage des salles de radiographie (Nicolas Cherbuin) 20h30 \u2013 21h00\u00a0: Prise en charge [&hellip;]\" \/>\n<meta property=\"og:url\" content=\"https:\/\/sgr-ssr.ch\/fr\/events\/formation-continue-en-radioprotection-pour-les-medecins-exploitant-des-installations-de-radiographie-en-cabinet-medical_2\/\" \/>\n<meta property=\"og:site_name\" content=\"Schweizerische Gesellschaft f\u00fcr Radiologie\" \/>\n<meta property=\"article:modified_time\" content=\"2026-03-30T11:43:21+00:00\" \/>\n<meta name=\"twitter:card\" content=\"summary_large_image\" \/>\n<meta name=\"twitter:label1\" content=\"Est. reading time\" \/>\n\t<meta name=\"twitter:data1\" content=\"1 minute\" \/>\n<script type=\"application\/ld+json\" class=\"yoast-schema-graph\">{\"@context\":\"https:\\\/\\\/schema.org\",\"@graph\":[{\"@type\":\"WebPage\",\"@id\":\"https:\\\/\\\/sgr-ssr.ch\\\/fr\\\/events\\\/formation-continue-en-radioprotection-pour-les-medecins-exploitant-des-installations-de-radiographie-en-cabinet-medical_2\\\/\",\"url\":\"https:\\\/\\\/sgr-ssr.ch\\\/fr\\\/events\\\/formation-continue-en-radioprotection-pour-les-medecins-exploitant-des-installations-de-radiographie-en-cabinet-medical_2\\\/\",\"name\":\"FORMATION CONTINUE EN RADIOPROTECTION POUR LES MEDECINS EXPLOITANT DES INSTALLATIONS DE RADIOGRAPHIE EN CABINET MEDICAL_2 - Schweizerische Gesellschaft f\u00fcr Radiologie\",\"isPartOf\":{\"@id\":\"https:\\\/\\\/sgr-ssr.ch\\\/#website\"},\"datePublished\":\"2026-03-30T11:42:50+00:00\",\"dateModified\":\"2026-03-30T11:43:21+00:00\",\"breadcrumb\":{\"@id\":\"https:\\\/\\\/sgr-ssr.ch\\\/fr\\\/events\\\/formation-continue-en-radioprotection-pour-les-medecins-exploitant-des-installations-de-radiographie-en-cabinet-medical_2\\\/#breadcrumb\"},\"inLanguage\":\"fr-FR\",\"potentialAction\":[{\"@type\":\"ReadAction\",\"target\":[\"https:\\\/\\\/sgr-ssr.ch\\\/fr\\\/events\\\/formation-continue-en-radioprotection-pour-les-medecins-exploitant-des-installations-de-radiographie-en-cabinet-medical_2\\\/\"]}]},{\"@type\":\"BreadcrumbList\",\"@id\":\"https:\\\/\\\/sgr-ssr.ch\\\/fr\\\/events\\\/formation-continue-en-radioprotection-pour-les-medecins-exploitant-des-installations-de-radiographie-en-cabinet-medical_2\\\/#breadcrumb\",\"itemListElement\":[{\"@type\":\"ListItem\",\"position\":1,\"name\":\"Home\",\"item\":\"https:\\\/\\\/sgr-ssr.ch\\\/fr\\\/\"},{\"@type\":\"ListItem\",\"position\":2,\"name\":\"Events\",\"item\":\"https:\\\/\\\/sgr-ssr.ch\\\/fr\\\/events\\\/\"},{\"@type\":\"ListItem\",\"position\":3,\"name\":\"FORMATION CONTINUE EN RADIOPROTECTION POUR LES MEDECINS EXPLOITANT DES INSTALLATIONS DE RADIOGRAPHIE EN CABINET MEDICAL_2\"}]},{\"@type\":\"WebSite\",\"@id\":\"https:\\\/\\\/sgr-ssr.ch\\\/#website\",\"url\":\"https:\\\/\\\/sgr-ssr.ch\\\/\",\"name\":\"Schweizerische Gesellschaft f\u00fcr Radiologie\",\"description\":\"Just another WordPress site\",\"potentialAction\":[{\"@type\":\"SearchAction\",\"target\":{\"@type\":\"EntryPoint\",\"urlTemplate\":\"https:\\\/\\\/sgr-ssr.ch\\\/?s={search_term_string}\"},\"query-input\":{\"@type\":\"PropertyValueSpecification\",\"valueRequired\":true,\"valueName\":\"search_term_string\"}}],\"inLanguage\":\"fr-FR\"}]}<\/script>\n<!-- \/ Yoast SEO plugin. -->","yoast_head_json":{"title":"FORMATION CONTINUE EN RADIOPROTECTION POUR LES MEDECINS EXPLOITANT DES INSTALLATIONS DE RADIOGRAPHIE EN CABINET MEDICAL_2 - Schweizerische Gesellschaft f\u00fcr Radiologie","robots":{"index":"index","follow":"follow","max-snippet":"max-snippet:-1","max-image-preview":"max-image-preview:large","max-video-preview":"max-video-preview:-1"},"canonical":"https:\/\/sgr-ssr.ch\/fr\/events\/formation-continue-en-radioprotection-pour-les-medecins-exploitant-des-installations-de-radiographie-en-cabinet-medical_2\/","og_locale":"fr_FR","og_type":"article","og_title":"FORMATION CONTINUE EN RADIOPROTECTION POUR LES MEDECINS EXPLOITANT DES INSTALLATIONS DE RADIOGRAPHIE EN CABINET MEDICAL_2 - Schweizerische Gesellschaft f\u00fcr Radiologie","og_description":"L&rsquo;Institut de Radiophysique organise cette formation continue en radioprotection, visant \u00e0 assurer la conservation et l&rsquo;actualisation des comp\u00e9tences. Contenu 19h00 \u2013 20h00\u00a0: Sensibilisation et communication du risque radiologique (Pr Fran\u00e7ois Bochud, Damien Racine, Ana\u00efs Viry) 20h00 \u2013 20h30\u00a0: Plan de radioprotection et blindage des salles de radiographie (Nicolas Cherbuin) 20h30 \u2013 21h00\u00a0: Prise en charge [&hellip;]","og_url":"https:\/\/sgr-ssr.ch\/fr\/events\/formation-continue-en-radioprotection-pour-les-medecins-exploitant-des-installations-de-radiographie-en-cabinet-medical_2\/","og_site_name":"Schweizerische Gesellschaft f\u00fcr Radiologie","article_modified_time":"2026-03-30T11:43:21+00:00","twitter_card":"summary_large_image","twitter_misc":{"Est. reading time":"1 minute"},"schema":{"@context":"https:\/\/schema.org","@graph":[{"@type":"WebPage","@id":"https:\/\/sgr-ssr.ch\/fr\/events\/formation-continue-en-radioprotection-pour-les-medecins-exploitant-des-installations-de-radiographie-en-cabinet-medical_2\/","url":"https:\/\/sgr-ssr.ch\/fr\/events\/formation-continue-en-radioprotection-pour-les-medecins-exploitant-des-installations-de-radiographie-en-cabinet-medical_2\/","name":"FORMATION CONTINUE EN RADIOPROTECTION POUR LES MEDECINS EXPLOITANT DES INSTALLATIONS DE RADIOGRAPHIE EN CABINET MEDICAL_2 - Schweizerische Gesellschaft f\u00fcr Radiologie","isPartOf":{"@id":"https:\/\/sgr-ssr.ch\/#website"},"datePublished":"2026-03-30T11:42:50+00:00","dateModified":"2026-03-30T11:43:21+00:00","breadcrumb":{"@id":"https:\/\/sgr-ssr.ch\/fr\/events\/formation-continue-en-radioprotection-pour-les-medecins-exploitant-des-installations-de-radiographie-en-cabinet-medical_2\/#breadcrumb"},"inLanguage":"fr-FR","potentialAction":[{"@type":"ReadAction","target":["https:\/\/sgr-ssr.ch\/fr\/events\/formation-continue-en-radioprotection-pour-les-medecins-exploitant-des-installations-de-radiographie-en-cabinet-medical_2\/"]}]},{"@type":"BreadcrumbList","@id":"https:\/\/sgr-ssr.ch\/fr\/events\/formation-continue-en-radioprotection-pour-les-medecins-exploitant-des-installations-de-radiographie-en-cabinet-medical_2\/#breadcrumb","itemListElement":[{"@type":"ListItem","position":1,"name":"Home","item":"https:\/\/sgr-ssr.ch\/fr\/"},{"@type":"ListItem","position":2,"name":"Events","item":"https:\/\/sgr-ssr.ch\/fr\/events\/"},{"@type":"ListItem","position":3,"name":"FORMATION CONTINUE EN RADIOPROTECTION POUR LES MEDECINS EXPLOITANT DES INSTALLATIONS DE RADIOGRAPHIE EN CABINET MEDICAL_2"}]},{"@type":"WebSite","@id":"https:\/\/sgr-ssr.ch\/#website","url":"https:\/\/sgr-ssr.ch\/","name":"Schweizerische Gesellschaft f\u00fcr Radiologie","description":"Just another WordPress site","potentialAction":[{"@type":"SearchAction","target":{"@type":"EntryPoint","urlTemplate":"https:\/\/sgr-ssr.ch\/?s={search_term_string}"},"query-input":{"@type":"PropertyValueSpecification","valueRequired":true,"valueName":"search_term_string"}}],"inLanguage":"fr-FR"}]}},"_links":{"self":[{"href":"https:\/\/sgr-ssr.ch\/fr\/wp-json\/wp\/v2\/ajde_events\/19475","targetHints":{"allow":["GET"]}}],"collection":[{"href":"https:\/\/sgr-ssr.ch\/fr\/wp-json\/wp\/v2\/ajde_events"}],"about":[{"href":"https:\/\/sgr-ssr.ch\/fr\/wp-json\/wp\/v2\/types\/ajde_events"}],"author":[{"embeddable":true,"href":"https:\/\/sgr-ssr.ch\/fr\/wp-json\/wp\/v2\/users\/2"}],"replies":[{"embeddable":true,"href":"https:\/\/sgr-ssr.ch\/fr\/wp-json\/wp\/v2\/comments?post=19475"}],"wp:featuredmedia":[{"embeddable":true,"href":"https:\/\/sgr-ssr.ch\/fr\/wp-json\/"}],"wp:attachment":[{"href":"https:\/\/sgr-ssr.ch\/fr\/wp-json\/wp\/v2\/media?parent=19475"}],"wp:term":[{"taxonomy":"post_tag","embeddable":true,"href":"https:\/\/sgr-ssr.ch\/fr\/wp-json\/wp\/v2\/tags?post=19475"},{"taxonomy":"event_type","embeddable":true,"href":"https:\/\/sgr-ssr.ch\/fr\/wp-json\/wp\/v2\/event_type?post=19475"},{"taxonomy":"event_type_2","embeddable":true,"href":"https:\/\/sgr-ssr.ch\/fr\/wp-json\/wp\/v2\/event_type_2?post=19475"}],"curies":[{"name":"wp","href":"https:\/\/api.w.org\/{rel}","templated":true}]}}

<p>L&rsquo;Institut de Radiophysique organise cette formation continue en radioprotection, visant à assurer la conservation et l&rsquo;actualisation des compétences.</p>
<p><strong>Contenu</strong></p>
<ul>
<li>19h00 – 20h00 : Sensibilisation et communication du risque radiologique (Pr François Bochud, Damien Racine, Anaïs Viry)</li>
<li>20h00 – 20h30 : Plan de radioprotection et blindage des salles de radiographie (Nicolas Cherbuin)</li>
<li>20h30 – 21h00 : Prise en charge des accidents d’irradiation (Nicolas Cherbuin)</li>
</ul>
<p>Le contenu est le même pour chaque session en 2026.</p>
<p><strong>Public cible</strong></p>
<p>Radiologues<br />
Médecins spécialistes au bénéfice des formations MA6 ou MA8 selon Ordonnance sur les formations en radioprotection<br />
Médecins spécialistes exploitant une installation de radiographie.</p>
<p><strong>Informations pratiques</strong></p>
<p>Durée : 2 heures (2 UE)<br />
Horaire : de 19h00 à 21h00<br />
Lieu et dates :  05/05/2026 : En visioconférence<br />
01/10/2026 : En visioconférence</p>
<p><a href="https://www.chuv.ch/fr/ira/ira-home/formation-en-radioprotection/formations-continues/radiographie-en-cabinet-medical" target="_blank" rel="noopener noreferrer">Inscription</a></p>

<!-- This site is optimized with the Yoast SEO plugin v27.5 - https://yoast.com/product/yoast-seo-wordpress/ -->
<title>FORMATION CONTINUE EN RADIOPROTECTION POUR LES MEDECINS EXPLOITANT DES INSTALLATIONS DE RADIOGRAPHIE EN CABINET MEDICAL_2 - Schweizerische Gesellschaft für Radiologie</title>
<meta name="robots" content="index, follow, max-snippet:-1, max-image-preview:large, max-video-preview:-1" />
<link rel="canonical" href="https://sgr-ssr.ch/fr/events/formation-continue-en-radioprotection-pour-les-medecins-exploitant-des-installations-de-radiographie-en-cabinet-medical_2/" />
<meta property="og:locale" content="fr_FR" />
<meta property="og:type" content="article" />
<meta property="og:title" content="FORMATION CONTINUE EN RADIOPROTECTION POUR LES MEDECINS EXPLOITANT DES INSTALLATIONS DE RADIOGRAPHIE EN CABINET MEDICAL_2 - Schweizerische Gesellschaft für Radiologie" />
<meta property="og:description" content="L&rsquo;Institut de Radiophysique organise cette formation continue en radioprotection, visant à assurer la conservation et l&rsquo;actualisation des compétences. Contenu 19h00 – 20h00 : Sensibilisation et communication du risque radiologique (Pr François Bochud, Damien Racine, Anaïs Viry) 20h00 – 20h30 : Plan de radioprotection et blindage des salles de radiographie (Nicolas Cherbuin) 20h30 – 21h00 : Prise en charge [&hellip;]" />
<meta property="og:url" content="https://sgr-ssr.ch/fr/events/formation-continue-en-radioprotection-pour-les-medecins-exploitant-des-installations-de-radiographie-en-cabinet-medical_2/" />
<meta property="og:site_name" content="Schweizerische Gesellschaft für Radiologie" />
<meta property="article:modified_time" content="2026-03-30T11:43:21+00:00" />
<meta name="twitter:card" content="summary_large_image" />
<meta name="twitter:label1" content="Est. reading time" />
	<meta name="twitter:data1" content="1 minute" />
<script type="application/ld+json" class="yoast-schema-graph">{"@context":"https:\/\/schema.org","@graph":[{"@type":"WebPage","@id":"https:\/\/sgr-ssr.ch\/fr\/events\/formation-continue-en-radioprotection-pour-les-medecins-exploitant-des-installations-de-radiographie-en-cabinet-medical_2\/","url":"https:\/\/sgr-ssr.ch\/fr\/events\/formation-continue-en-radioprotection-pour-les-medecins-exploitant-des-installations-de-radiographie-en-cabinet-medical_2\/","name":"FORMATION CONTINUE EN RADIOPROTECTION POUR LES MEDECINS EXPLOITANT DES INSTALLATIONS DE RADIOGRAPHIE EN CABINET MEDICAL_2 - Schweizerische Gesellschaft für Radiologie","isPartOf":{"@id":"https:\/\/sgr-ssr.ch\/#website"},"datePublished":"2026-03-30T11:42:50+00:00","dateModified":"2026-03-30T11:43:21+00:00","breadcrumb":{"@id":"https:\/\/sgr-ssr.ch\/fr\/events\/formation-continue-en-radioprotection-pour-les-medecins-exploitant-des-installations-de-radiographie-en-cabinet-medical_2\/#breadcrumb"},"inLanguage":"fr-FR","potentialAction":[{"@type":"ReadAction","target":["https:\/\/sgr-ssr.ch\/fr\/events\/formation-continue-en-radioprotection-pour-les-medecins-exploitant-des-installations-de-radiographie-en-cabinet-medical_2\/"]}]},{"@type":"BreadcrumbList","@id":"https:\/\/sgr-ssr.ch\/fr\/events\/formation-continue-en-radioprotection-pour-les-medecins-exploitant-des-installations-de-radiographie-en-cabinet-medical_2\/#breadcrumb","itemListElement":[{"@type":"ListItem","position":1,"name":"Home","item":"https:\/\/sgr-ssr.ch\/fr\/"},{"@type":"ListItem","position":2,"name":"Events","item":"https:\/\/sgr-ssr.ch\/fr\/events\/"},{"@type":"ListItem","position":3,"name":"FORMATION CONTINUE EN RADIOPROTECTION POUR LES MEDECINS EXPLOITANT DES INSTALLATIONS DE RADIOGRAPHIE EN CABINET MEDICAL_2"}]},{"@type":"WebSite","@id":"https:\/\/sgr-ssr.ch\/#website","url":"https:\/\/sgr-ssr.ch\/","name":"Schweizerische Gesellschaft für Radiologie","description":"Just another WordPress site","potentialAction":[{"@type":"SearchAction","target":{"@type":"EntryPoint","urlTemplate":"https:\/\/sgr-ssr.ch\/?s={search_term_string}"},"query-input":{"@type":"PropertyValueSpecification","valueRequired":true,"valueName":"search_term_string"}}],"inLanguage":"fr-FR"}]}</script>
<!-- / Yoast SEO plugin. -->

FORMATION CONTINUE EN RADIOPROTECTION POUR LES MEDECINS EXPLOITANT DES INSTALLATIONS DE RADIOGRAPHIE EN CABINET MEDICAL_2 - Schweizerische Gesellschaft für Radiologie

L&rsquo;Institut de Radiophysique organise cette formation continue en radioprotection, visant à assurer la conservation et l&rsquo;actualisation des compétences. Contenu 19h00 – 20h00 : Sensibilisation et communication du risque radiologique (Pr François Bochud, Damien Racine, Anaïs Viry) 20h00 – 20h30 : Plan de radioprotection et blindage des salles de radiographie (Nicolas Cherbuin) 20h30 – 21h00 : Prise en charge [&hellip;]

Schweizerische Gesellschaft für Radiologie
