{"id":19565,"date":"2026-04-13T08:41:11","date_gmt":"2026-04-13T08:41:11","guid":{"rendered":"https:\/\/sgr-ssr.ch\/events\/balgrist-mr-kurs-der-gelenke-2026\/"},"modified":"2026-04-13T08:51:28","modified_gmt":"2026-04-13T08:51:28","slug":"balgrist-mr-kurs-der-gelenke-2026","status":"publish","type":"ajde_events","link":"https:\/\/sgr-ssr.ch\/fr\/events\/balgrist-mr-kurs-der-gelenke-2026\/","title":{"rendered":"Balgrist MR-Kurs der Gelenke 2026"},"content":{"rendered":"<p>Der Balgrist MR-Kurs hat eine lange Tradition und erfreut sich grosser Beliebtheit. Der Kurs wird vor Ort an der Universit\u00e4tsklinik Balgrist durchgef\u00fchrt, inklusive interaktiven Falldemonstrationen mit unserem PACS-System.<br \/>\nIm zweit\u00e4gigen Intensivkurs werden Gelenke der oberen und unteren Extremit\u00e4t und die Wirbels\u00e4ule in strukturierter Form behandelt. Der Balgrist MR-Kurs richtet sich an Radiologen.<br \/>\nF\u00fcr jede Region gibt es zwei Module. Ein erstes, theoretisches Modul und ein zweites, praktisches Modul. Im ersten Modul werden die detaillierte MR- Anatomie, die MR-Untersuchungstechniken, die Pathologien sowie die neusten Entwicklungen und wissenschaftlichen Papers in strukturierter Form besprochen. Ein Schwerpunkt des Moduls ist die klinische Relevanz von MR-Befunden und anatomischen Varianten.<br \/>\nIm zweiten Modul werden F\u00e4lle am PACS mit den Kursteilnehmenden diskutiert. Sie haben die M\u00f6glichkeit, direkt auf das PACS-System der Radiologie Balgrist zuzugreifen. Sie k\u00f6nnen \u00fcber ihr eigenes Device (Laptop oder Mobile Device) selbst\u00e4ndig F\u00e4lle ansehen und in den Sequenzen scrollen, um die verschiedenen Befunde selber nachzuvollziehen.<\/p>\n<p>Wir freuen uns auf Ihre Teilnahme!<\/p>\n<p>Prof. Dr. med. Reto Sutter<br \/>\nChefarzt Radiologie<br \/>\nUniversit\u00e4tsklinik Balgrist<\/p>\n<p><strong>Datum und Uhrzeit<\/strong><br \/>\nFreitag, 4. September 2026, 8.50 &#8211; 17.30 Uhr bis<br \/>\nSamstag, 5. September 2026, 8.30 &#8211; 15.30 Uhr<\/p>\n<p><strong>Durchf\u00fchrungsort<\/strong><br \/>\nUniversit\u00e4tsklinik Balgrist<br \/>\nAuditorium<br \/>\nForchstrasse 340<br \/>\n8008 Z\u00fcrich<\/p>\n<p><a href=\"https:\/\/sgr-ssr.ch\/wp-content\/uploads\/2026\/04\/2026-036_Programm-MR-Kurs-2026-002.pdf\" target=\"_blank\" rel=\"noopener noreferrer\">Programm<\/a><\/p>\n<p><a href=\"mailto:Stefanie.Pfister@balgrist.ch\" target=\"_blank\" rel=\"noopener noreferrer\">Contact<\/a><\/p>\n","protected":false},"author":5,"featured_media":-1,"menu_order":0,"comment_status":"open","ping_status":"closed","template":"","meta":{"_acf_changed":false,"_et_pb_use_builder":"","_et_pb_old_content":"","_et_gb_content_width":"","inline_featured_image":false},"tags":[],"event_type":[],"event_type_2":[],"class_list":["post-19565","ajde_events","type-ajde_events","status-publish","has-post-thumbnail","hentry","event_location-universitaetsklinik-balgrist","event_organizer-universitaetsklinik-balgrist"],"acf":[],"yoast_head":"<!-- This site is optimized with the Yoast SEO plugin v27.5 - https:\/\/yoast.com\/product\/yoast-seo-wordpress\/ -->\n<title>Balgrist MR-Kurs der Gelenke 2026 - Schweizerische Gesellschaft f\u00fcr Radiologie<\/title>\n<meta name=\"robots\" content=\"index, follow, max-snippet:-1, max-image-preview:large, max-video-preview:-1\" \/>\n<link rel=\"canonical\" href=\"https:\/\/sgr-ssr.ch\/fr\/events\/balgrist-mr-kurs-der-gelenke-2026\/\" \/>\n<meta property=\"og:locale\" content=\"fr_FR\" \/>\n<meta property=\"og:type\" content=\"article\" \/>\n<meta property=\"og:title\" content=\"Balgrist MR-Kurs der Gelenke 2026 - Schweizerische Gesellschaft f\u00fcr Radiologie\" \/>\n<meta property=\"og:description\" content=\"Der Balgrist MR-Kurs hat eine lange Tradition und erfreut sich grosser Beliebtheit. Der Kurs wird vor Ort an der Universit\u00e4tsklinik Balgrist durchgef\u00fchrt, inklusive interaktiven Falldemonstrationen mit unserem PACS-System. Im zweit\u00e4gigen Intensivkurs werden Gelenke der oberen und unteren Extremit\u00e4t und die Wirbels\u00e4ule in strukturierter Form behandelt. Der Balgrist MR-Kurs richtet sich an Radiologen. F\u00fcr jede Region [&hellip;]\" \/>\n<meta property=\"og:url\" content=\"https:\/\/sgr-ssr.ch\/fr\/events\/balgrist-mr-kurs-der-gelenke-2026\/\" \/>\n<meta property=\"og:site_name\" content=\"Schweizerische Gesellschaft f\u00fcr Radiologie\" \/>\n<meta property=\"article:modified_time\" content=\"2026-04-13T08:51:28+00:00\" \/>\n<meta name=\"twitter:card\" content=\"summary_large_image\" \/>\n<meta name=\"twitter:label1\" content=\"Est. reading time\" \/>\n\t<meta name=\"twitter:data1\" content=\"1 minute\" \/>\n<script type=\"application\/ld+json\" class=\"yoast-schema-graph\">{\"@context\":\"https:\\\/\\\/schema.org\",\"@graph\":[{\"@type\":\"WebPage\",\"@id\":\"https:\\\/\\\/sgr-ssr.ch\\\/fr\\\/events\\\/balgrist-mr-kurs-der-gelenke-2026\\\/\",\"url\":\"https:\\\/\\\/sgr-ssr.ch\\\/fr\\\/events\\\/balgrist-mr-kurs-der-gelenke-2026\\\/\",\"name\":\"Balgrist MR-Kurs der Gelenke 2026 - Schweizerische Gesellschaft f\u00fcr Radiologie\",\"isPartOf\":{\"@id\":\"https:\\\/\\\/sgr-ssr.ch\\\/#website\"},\"datePublished\":\"2026-04-13T08:41:11+00:00\",\"dateModified\":\"2026-04-13T08:51:28+00:00\",\"breadcrumb\":{\"@id\":\"https:\\\/\\\/sgr-ssr.ch\\\/fr\\\/events\\\/balgrist-mr-kurs-der-gelenke-2026\\\/#breadcrumb\"},\"inLanguage\":\"fr-FR\",\"potentialAction\":[{\"@type\":\"ReadAction\",\"target\":[\"https:\\\/\\\/sgr-ssr.ch\\\/fr\\\/events\\\/balgrist-mr-kurs-der-gelenke-2026\\\/\"]}]},{\"@type\":\"BreadcrumbList\",\"@id\":\"https:\\\/\\\/sgr-ssr.ch\\\/fr\\\/events\\\/balgrist-mr-kurs-der-gelenke-2026\\\/#breadcrumb\",\"itemListElement\":[{\"@type\":\"ListItem\",\"position\":1,\"name\":\"Home\",\"item\":\"https:\\\/\\\/sgr-ssr.ch\\\/fr\\\/\"},{\"@type\":\"ListItem\",\"position\":2,\"name\":\"Events\",\"item\":\"https:\\\/\\\/sgr-ssr.ch\\\/fr\\\/events\\\/\"},{\"@type\":\"ListItem\",\"position\":3,\"name\":\"Balgrist MR-Kurs der Gelenke 2026\"}]},{\"@type\":\"WebSite\",\"@id\":\"https:\\\/\\\/sgr-ssr.ch\\\/#website\",\"url\":\"https:\\\/\\\/sgr-ssr.ch\\\/\",\"name\":\"Schweizerische Gesellschaft f\u00fcr Radiologie\",\"description\":\"Just another WordPress site\",\"potentialAction\":[{\"@type\":\"SearchAction\",\"target\":{\"@type\":\"EntryPoint\",\"urlTemplate\":\"https:\\\/\\\/sgr-ssr.ch\\\/?s={search_term_string}\"},\"query-input\":{\"@type\":\"PropertyValueSpecification\",\"valueRequired\":true,\"valueName\":\"search_term_string\"}}],\"inLanguage\":\"fr-FR\"}]}<\/script>\n<!-- \/ Yoast SEO plugin. -->","yoast_head_json":{"title":"Balgrist MR-Kurs der Gelenke 2026 - Schweizerische Gesellschaft f\u00fcr Radiologie","robots":{"index":"index","follow":"follow","max-snippet":"max-snippet:-1","max-image-preview":"max-image-preview:large","max-video-preview":"max-video-preview:-1"},"canonical":"https:\/\/sgr-ssr.ch\/fr\/events\/balgrist-mr-kurs-der-gelenke-2026\/","og_locale":"fr_FR","og_type":"article","og_title":"Balgrist MR-Kurs der Gelenke 2026 - Schweizerische Gesellschaft f\u00fcr Radiologie","og_description":"Der Balgrist MR-Kurs hat eine lange Tradition und erfreut sich grosser Beliebtheit. Der Kurs wird vor Ort an der Universit\u00e4tsklinik Balgrist durchgef\u00fchrt, inklusive interaktiven Falldemonstrationen mit unserem PACS-System. Im zweit\u00e4gigen Intensivkurs werden Gelenke der oberen und unteren Extremit\u00e4t und die Wirbels\u00e4ule in strukturierter Form behandelt. Der Balgrist MR-Kurs richtet sich an Radiologen. F\u00fcr jede Region [&hellip;]","og_url":"https:\/\/sgr-ssr.ch\/fr\/events\/balgrist-mr-kurs-der-gelenke-2026\/","og_site_name":"Schweizerische Gesellschaft f\u00fcr Radiologie","article_modified_time":"2026-04-13T08:51:28+00:00","twitter_card":"summary_large_image","twitter_misc":{"Est. reading time":"1 minute"},"schema":{"@context":"https:\/\/schema.org","@graph":[{"@type":"WebPage","@id":"https:\/\/sgr-ssr.ch\/fr\/events\/balgrist-mr-kurs-der-gelenke-2026\/","url":"https:\/\/sgr-ssr.ch\/fr\/events\/balgrist-mr-kurs-der-gelenke-2026\/","name":"Balgrist MR-Kurs der Gelenke 2026 - Schweizerische Gesellschaft f\u00fcr Radiologie","isPartOf":{"@id":"https:\/\/sgr-ssr.ch\/#website"},"datePublished":"2026-04-13T08:41:11+00:00","dateModified":"2026-04-13T08:51:28+00:00","breadcrumb":{"@id":"https:\/\/sgr-ssr.ch\/fr\/events\/balgrist-mr-kurs-der-gelenke-2026\/#breadcrumb"},"inLanguage":"fr-FR","potentialAction":[{"@type":"ReadAction","target":["https:\/\/sgr-ssr.ch\/fr\/events\/balgrist-mr-kurs-der-gelenke-2026\/"]}]},{"@type":"BreadcrumbList","@id":"https:\/\/sgr-ssr.ch\/fr\/events\/balgrist-mr-kurs-der-gelenke-2026\/#breadcrumb","itemListElement":[{"@type":"ListItem","position":1,"name":"Home","item":"https:\/\/sgr-ssr.ch\/fr\/"},{"@type":"ListItem","position":2,"name":"Events","item":"https:\/\/sgr-ssr.ch\/fr\/events\/"},{"@type":"ListItem","position":3,"name":"Balgrist MR-Kurs der Gelenke 2026"}]},{"@type":"WebSite","@id":"https:\/\/sgr-ssr.ch\/#website","url":"https:\/\/sgr-ssr.ch\/","name":"Schweizerische Gesellschaft f\u00fcr Radiologie","description":"Just another WordPress site","potentialAction":[{"@type":"SearchAction","target":{"@type":"EntryPoint","urlTemplate":"https:\/\/sgr-ssr.ch\/?s={search_term_string}"},"query-input":{"@type":"PropertyValueSpecification","valueRequired":true,"valueName":"search_term_string"}}],"inLanguage":"fr-FR"}]}},"_links":{"self":[{"href":"https:\/\/sgr-ssr.ch\/fr\/wp-json\/wp\/v2\/ajde_events\/19565","targetHints":{"allow":["GET"]}}],"collection":[{"href":"https:\/\/sgr-ssr.ch\/fr\/wp-json\/wp\/v2\/ajde_events"}],"about":[{"href":"https:\/\/sgr-ssr.ch\/fr\/wp-json\/wp\/v2\/types\/ajde_events"}],"author":[{"embeddable":true,"href":"https:\/\/sgr-ssr.ch\/fr\/wp-json\/wp\/v2\/users\/5"}],"replies":[{"embeddable":true,"href":"https:\/\/sgr-ssr.ch\/fr\/wp-json\/wp\/v2\/comments?post=19565"}],"wp:featuredmedia":[{"embeddable":true,"href":"https:\/\/sgr-ssr.ch\/fr\/wp-json\/"}],"wp:attachment":[{"href":"https:\/\/sgr-ssr.ch\/fr\/wp-json\/wp\/v2\/media?parent=19565"}],"wp:term":[{"taxonomy":"post_tag","embeddable":true,"href":"https:\/\/sgr-ssr.ch\/fr\/wp-json\/wp\/v2\/tags?post=19565"},{"taxonomy":"event_type","embeddable":true,"href":"https:\/\/sgr-ssr.ch\/fr\/wp-json\/wp\/v2\/event_type?post=19565"},{"taxonomy":"event_type_2","embeddable":true,"href":"https:\/\/sgr-ssr.ch\/fr\/wp-json\/wp\/v2\/event_type_2?post=19565"}],"curies":[{"name":"wp","href":"https:\/\/api.w.org\/{rel}","templated":true}]}}

<p>Der Balgrist MR-Kurs hat eine lange Tradition und erfreut sich grosser Beliebtheit. Der Kurs wird vor Ort an der Universitätsklinik Balgrist durchgeführt, inklusive interaktiven Falldemonstrationen mit unserem PACS-System.<br />
Im zweitägigen Intensivkurs werden Gelenke der oberen und unteren Extremität und die Wirbelsäule in strukturierter Form behandelt. Der Balgrist MR-Kurs richtet sich an Radiologen.<br />
Für jede Region gibt es zwei Module. Ein erstes, theoretisches Modul und ein zweites, praktisches Modul. Im ersten Modul werden die detaillierte MR- Anatomie, die MR-Untersuchungstechniken, die Pathologien sowie die neusten Entwicklungen und wissenschaftlichen Papers in strukturierter Form besprochen. Ein Schwerpunkt des Moduls ist die klinische Relevanz von MR-Befunden und anatomischen Varianten.<br />
Im zweiten Modul werden Fälle am PACS mit den Kursteilnehmenden diskutiert. Sie haben die Möglichkeit, direkt auf das PACS-System der Radiologie Balgrist zuzugreifen. Sie können über ihr eigenes Device (Laptop oder Mobile Device) selbständig Fälle ansehen und in den Sequenzen scrollen, um die verschiedenen Befunde selber nachzuvollziehen.</p>
<p>Wir freuen uns auf Ihre Teilnahme!</p>
<p>Prof. Dr. med. Reto Sutter<br />
Chefarzt Radiologie<br />
Universitätsklinik Balgrist</p>
<p><strong>Datum und Uhrzeit</strong><br />
Freitag, 4. September 2026, 8.50 &#8211; 17.30 Uhr bis<br />
Samstag, 5. September 2026, 8.30 &#8211; 15.30 Uhr</p>
<p><strong>Durchführungsort</strong><br />
Universitätsklinik Balgrist<br />
Auditorium<br />
Forchstrasse 340<br />
8008 Zürich</p>
<p><a href="https://sgr-ssr.ch/wp-content/uploads/2026/04/2026-036_Programm-MR-Kurs-2026-002.pdf" target="_blank" rel="noopener noreferrer">Programm</a></p>
<p><a href="mailto:Stefanie.Pfister@balgrist.ch" target="_blank" rel="noopener noreferrer">Contact</a></p>

<!-- This site is optimized with the Yoast SEO plugin v27.5 - https://yoast.com/product/yoast-seo-wordpress/ -->
<title>Balgrist MR-Kurs der Gelenke 2026 - Schweizerische Gesellschaft für Radiologie</title>
<meta name="robots" content="index, follow, max-snippet:-1, max-image-preview:large, max-video-preview:-1" />
<link rel="canonical" href="https://sgr-ssr.ch/fr/events/balgrist-mr-kurs-der-gelenke-2026/" />
<meta property="og:locale" content="fr_FR" />
<meta property="og:type" content="article" />
<meta property="og:title" content="Balgrist MR-Kurs der Gelenke 2026 - Schweizerische Gesellschaft für Radiologie" />
<meta property="og:description" content="Der Balgrist MR-Kurs hat eine lange Tradition und erfreut sich grosser Beliebtheit. Der Kurs wird vor Ort an der Universitätsklinik Balgrist durchgeführt, inklusive interaktiven Falldemonstrationen mit unserem PACS-System. Im zweitägigen Intensivkurs werden Gelenke der oberen und unteren Extremität und die Wirbelsäule in strukturierter Form behandelt. Der Balgrist MR-Kurs richtet sich an Radiologen. Für jede Region [&hellip;]" />
<meta property="og:url" content="https://sgr-ssr.ch/fr/events/balgrist-mr-kurs-der-gelenke-2026/" />
<meta property="og:site_name" content="Schweizerische Gesellschaft für Radiologie" />
<meta property="article:modified_time" content="2026-04-13T08:51:28+00:00" />
<meta name="twitter:card" content="summary_large_image" />
<meta name="twitter:label1" content="Est. reading time" />
	<meta name="twitter:data1" content="1 minute" />
<script type="application/ld+json" class="yoast-schema-graph">{"@context":"https:\/\/schema.org","@graph":[{"@type":"WebPage","@id":"https:\/\/sgr-ssr.ch\/fr\/events\/balgrist-mr-kurs-der-gelenke-2026\/","url":"https:\/\/sgr-ssr.ch\/fr\/events\/balgrist-mr-kurs-der-gelenke-2026\/","name":"Balgrist MR-Kurs der Gelenke 2026 - Schweizerische Gesellschaft für Radiologie","isPartOf":{"@id":"https:\/\/sgr-ssr.ch\/#website"},"datePublished":"2026-04-13T08:41:11+00:00","dateModified":"2026-04-13T08:51:28+00:00","breadcrumb":{"@id":"https:\/\/sgr-ssr.ch\/fr\/events\/balgrist-mr-kurs-der-gelenke-2026\/#breadcrumb"},"inLanguage":"fr-FR","potentialAction":[{"@type":"ReadAction","target":["https:\/\/sgr-ssr.ch\/fr\/events\/balgrist-mr-kurs-der-gelenke-2026\/"]}]},{"@type":"BreadcrumbList","@id":"https:\/\/sgr-ssr.ch\/fr\/events\/balgrist-mr-kurs-der-gelenke-2026\/#breadcrumb","itemListElement":[{"@type":"ListItem","position":1,"name":"Home","item":"https:\/\/sgr-ssr.ch\/fr\/"},{"@type":"ListItem","position":2,"name":"Events","item":"https:\/\/sgr-ssr.ch\/fr\/events\/"},{"@type":"ListItem","position":3,"name":"Balgrist MR-Kurs der Gelenke 2026"}]},{"@type":"WebSite","@id":"https:\/\/sgr-ssr.ch\/#website","url":"https:\/\/sgr-ssr.ch\/","name":"Schweizerische Gesellschaft für Radiologie","description":"Just another WordPress site","potentialAction":[{"@type":"SearchAction","target":{"@type":"EntryPoint","urlTemplate":"https:\/\/sgr-ssr.ch\/?s={search_term_string}"},"query-input":{"@type":"PropertyValueSpecification","valueRequired":true,"valueName":"search_term_string"}}],"inLanguage":"fr-FR"}]}</script>
<!-- / Yoast SEO plugin. -->

Balgrist MR-Kurs der Gelenke 2026 - Schweizerische Gesellschaft für Radiologie

Der Balgrist MR-Kurs hat eine lange Tradition und erfreut sich grosser Beliebtheit. Der Kurs wird vor Ort an der Universitätsklinik Balgrist durchgeführt, inklusive interaktiven Falldemonstrationen mit unserem PACS-System. Im zweitägigen Intensivkurs werden Gelenke der oberen und unteren Extremität und die Wirbelsäule in strukturierter Form behandelt. Der Balgrist MR-Kurs richtet sich an Radiologen. Für jede Region [&hellip;]

Schweizerische Gesellschaft für Radiologie
