{"id":19570,"date":"2026-04-13T09:22:22","date_gmt":"2026-04-13T09:22:22","guid":{"rendered":"https:\/\/sgr-ssr.ch\/events\/sgum-fortbildungskongress-2026\/"},"modified":"2026-04-13T09:28:34","modified_gmt":"2026-04-13T09:28:34","slug":"sgum-fortbildungskongress-2026","status":"publish","type":"ajde_events","link":"https:\/\/sgr-ssr.ch\/fr\/events\/sgum-fortbildungskongress-2026\/","title":{"rendered":"SGUM Fortbildungskongress 2026"},"content":{"rendered":"<p class=\"p1\">Willkommen zum j\u00e4hrlichen Fortbildungskongress der Schweizerischen Gesellschaft f\u00fcr Ultraschall in der Medizin (SGUM). Vom 25. bis 27. Juni 2026 treffen sich Ultraschall-Expertinnen und -Experten aus der ganzen Schweiz und dar\u00fcber hinaus \u2013 vor Ort im Kongresszentrum Davos sowie online via Livestream. Der SGUM-Kongress 2026 bietet ein hochkar\u00e4tiges wissenschaftliches Programm, praxisnahe Workshops und den interdisziplin\u00e4ren Austausch \u00fcber die neuesten Entwicklungen in der medizinischen Ultraschalldiagnostik. Gestalten Sie Ihre Teilnahme flexibel \u2013 hybrid, interaktiv und auf h\u00f6chstem fachlichen Niveau.<\/p>\n<p class=\"p1\"><a href=\"https:\/\/davos2026.sgum.ch\/programm\/\" target=\"_blank\" rel=\"noopener noreferrer\">Programme<\/a><\/p>\n<p class=\"p1\"><a href=\"mailto:sgum@sgum.ch\">Contact<\/a><\/p>\n<p>&nbsp;<\/p>\n","protected":false},"author":5,"featured_media":-1,"menu_order":0,"comment_status":"open","ping_status":"closed","template":"","meta":{"_acf_changed":false,"_et_pb_use_builder":"","_et_pb_old_content":"","_et_gb_content_width":"","inline_featured_image":false},"tags":[],"event_type":[],"event_type_2":[],"class_list":["post-19570","ajde_events","type-ajde_events","status-publish","has-post-thumbnail","hentry","event_location-kongresszentrum-davos","event_organizer-sgum"],"acf":[],"yoast_head":"<!-- This site is optimized with the Yoast SEO plugin v27.5 - https:\/\/yoast.com\/product\/yoast-seo-wordpress\/ -->\n<title>SGUM Fortbildungskongress 2026 - Schweizerische Gesellschaft f\u00fcr Radiologie<\/title>\n<meta name=\"robots\" content=\"index, follow, max-snippet:-1, max-image-preview:large, max-video-preview:-1\" \/>\n<link rel=\"canonical\" href=\"https:\/\/sgr-ssr.ch\/fr\/events\/sgum-fortbildungskongress-2026\/\" \/>\n<meta property=\"og:locale\" content=\"fr_FR\" \/>\n<meta property=\"og:type\" content=\"article\" \/>\n<meta property=\"og:title\" content=\"SGUM Fortbildungskongress 2026 - Schweizerische Gesellschaft f\u00fcr Radiologie\" \/>\n<meta property=\"og:description\" content=\"Willkommen zum j\u00e4hrlichen Fortbildungskongress der Schweizerischen Gesellschaft f\u00fcr Ultraschall in der Medizin (SGUM). Vom 25. bis 27. Juni 2026 treffen sich Ultraschall-Expertinnen und -Experten aus der ganzen Schweiz und dar\u00fcber hinaus \u2013 vor Ort im Kongresszentrum Davos sowie online via Livestream. Der SGUM-Kongress 2026 bietet ein hochkar\u00e4tiges wissenschaftliches Programm, praxisnahe Workshops und den interdisziplin\u00e4ren Austausch [&hellip;]\" \/>\n<meta property=\"og:url\" content=\"https:\/\/sgr-ssr.ch\/fr\/events\/sgum-fortbildungskongress-2026\/\" \/>\n<meta property=\"og:site_name\" content=\"Schweizerische Gesellschaft f\u00fcr Radiologie\" \/>\n<meta property=\"article:modified_time\" content=\"2026-04-13T09:28:34+00:00\" \/>\n<meta name=\"twitter:card\" content=\"summary_large_image\" \/>\n<script type=\"application\/ld+json\" class=\"yoast-schema-graph\">{\"@context\":\"https:\\\/\\\/schema.org\",\"@graph\":[{\"@type\":\"WebPage\",\"@id\":\"https:\\\/\\\/sgr-ssr.ch\\\/fr\\\/events\\\/sgum-fortbildungskongress-2026\\\/\",\"url\":\"https:\\\/\\\/sgr-ssr.ch\\\/fr\\\/events\\\/sgum-fortbildungskongress-2026\\\/\",\"name\":\"SGUM Fortbildungskongress 2026 - Schweizerische Gesellschaft f\u00fcr Radiologie\",\"isPartOf\":{\"@id\":\"https:\\\/\\\/sgr-ssr.ch\\\/#website\"},\"datePublished\":\"2026-04-13T09:22:22+00:00\",\"dateModified\":\"2026-04-13T09:28:34+00:00\",\"breadcrumb\":{\"@id\":\"https:\\\/\\\/sgr-ssr.ch\\\/fr\\\/events\\\/sgum-fortbildungskongress-2026\\\/#breadcrumb\"},\"inLanguage\":\"fr-FR\",\"potentialAction\":[{\"@type\":\"ReadAction\",\"target\":[\"https:\\\/\\\/sgr-ssr.ch\\\/fr\\\/events\\\/sgum-fortbildungskongress-2026\\\/\"]}]},{\"@type\":\"BreadcrumbList\",\"@id\":\"https:\\\/\\\/sgr-ssr.ch\\\/fr\\\/events\\\/sgum-fortbildungskongress-2026\\\/#breadcrumb\",\"itemListElement\":[{\"@type\":\"ListItem\",\"position\":1,\"name\":\"Home\",\"item\":\"https:\\\/\\\/sgr-ssr.ch\\\/fr\\\/\"},{\"@type\":\"ListItem\",\"position\":2,\"name\":\"Events\",\"item\":\"https:\\\/\\\/sgr-ssr.ch\\\/fr\\\/events\\\/\"},{\"@type\":\"ListItem\",\"position\":3,\"name\":\"SGUM Fortbildungskongress 2026\"}]},{\"@type\":\"WebSite\",\"@id\":\"https:\\\/\\\/sgr-ssr.ch\\\/#website\",\"url\":\"https:\\\/\\\/sgr-ssr.ch\\\/\",\"name\":\"Schweizerische Gesellschaft f\u00fcr Radiologie\",\"description\":\"Just another WordPress site\",\"potentialAction\":[{\"@type\":\"SearchAction\",\"target\":{\"@type\":\"EntryPoint\",\"urlTemplate\":\"https:\\\/\\\/sgr-ssr.ch\\\/?s={search_term_string}\"},\"query-input\":{\"@type\":\"PropertyValueSpecification\",\"valueRequired\":true,\"valueName\":\"search_term_string\"}}],\"inLanguage\":\"fr-FR\"}]}<\/script>\n<!-- \/ Yoast SEO plugin. -->","yoast_head_json":{"title":"SGUM Fortbildungskongress 2026 - Schweizerische Gesellschaft f\u00fcr Radiologie","robots":{"index":"index","follow":"follow","max-snippet":"max-snippet:-1","max-image-preview":"max-image-preview:large","max-video-preview":"max-video-preview:-1"},"canonical":"https:\/\/sgr-ssr.ch\/fr\/events\/sgum-fortbildungskongress-2026\/","og_locale":"fr_FR","og_type":"article","og_title":"SGUM Fortbildungskongress 2026 - Schweizerische Gesellschaft f\u00fcr Radiologie","og_description":"Willkommen zum j\u00e4hrlichen Fortbildungskongress der Schweizerischen Gesellschaft f\u00fcr Ultraschall in der Medizin (SGUM). Vom 25. bis 27. Juni 2026 treffen sich Ultraschall-Expertinnen und -Experten aus der ganzen Schweiz und dar\u00fcber hinaus \u2013 vor Ort im Kongresszentrum Davos sowie online via Livestream. Der SGUM-Kongress 2026 bietet ein hochkar\u00e4tiges wissenschaftliches Programm, praxisnahe Workshops und den interdisziplin\u00e4ren Austausch [&hellip;]","og_url":"https:\/\/sgr-ssr.ch\/fr\/events\/sgum-fortbildungskongress-2026\/","og_site_name":"Schweizerische Gesellschaft f\u00fcr Radiologie","article_modified_time":"2026-04-13T09:28:34+00:00","twitter_card":"summary_large_image","schema":{"@context":"https:\/\/schema.org","@graph":[{"@type":"WebPage","@id":"https:\/\/sgr-ssr.ch\/fr\/events\/sgum-fortbildungskongress-2026\/","url":"https:\/\/sgr-ssr.ch\/fr\/events\/sgum-fortbildungskongress-2026\/","name":"SGUM Fortbildungskongress 2026 - Schweizerische Gesellschaft f\u00fcr Radiologie","isPartOf":{"@id":"https:\/\/sgr-ssr.ch\/#website"},"datePublished":"2026-04-13T09:22:22+00:00","dateModified":"2026-04-13T09:28:34+00:00","breadcrumb":{"@id":"https:\/\/sgr-ssr.ch\/fr\/events\/sgum-fortbildungskongress-2026\/#breadcrumb"},"inLanguage":"fr-FR","potentialAction":[{"@type":"ReadAction","target":["https:\/\/sgr-ssr.ch\/fr\/events\/sgum-fortbildungskongress-2026\/"]}]},{"@type":"BreadcrumbList","@id":"https:\/\/sgr-ssr.ch\/fr\/events\/sgum-fortbildungskongress-2026\/#breadcrumb","itemListElement":[{"@type":"ListItem","position":1,"name":"Home","item":"https:\/\/sgr-ssr.ch\/fr\/"},{"@type":"ListItem","position":2,"name":"Events","item":"https:\/\/sgr-ssr.ch\/fr\/events\/"},{"@type":"ListItem","position":3,"name":"SGUM Fortbildungskongress 2026"}]},{"@type":"WebSite","@id":"https:\/\/sgr-ssr.ch\/#website","url":"https:\/\/sgr-ssr.ch\/","name":"Schweizerische Gesellschaft f\u00fcr Radiologie","description":"Just another WordPress site","potentialAction":[{"@type":"SearchAction","target":{"@type":"EntryPoint","urlTemplate":"https:\/\/sgr-ssr.ch\/?s={search_term_string}"},"query-input":{"@type":"PropertyValueSpecification","valueRequired":true,"valueName":"search_term_string"}}],"inLanguage":"fr-FR"}]}},"_links":{"self":[{"href":"https:\/\/sgr-ssr.ch\/fr\/wp-json\/wp\/v2\/ajde_events\/19570","targetHints":{"allow":["GET"]}}],"collection":[{"href":"https:\/\/sgr-ssr.ch\/fr\/wp-json\/wp\/v2\/ajde_events"}],"about":[{"href":"https:\/\/sgr-ssr.ch\/fr\/wp-json\/wp\/v2\/types\/ajde_events"}],"author":[{"embeddable":true,"href":"https:\/\/sgr-ssr.ch\/fr\/wp-json\/wp\/v2\/users\/5"}],"replies":[{"embeddable":true,"href":"https:\/\/sgr-ssr.ch\/fr\/wp-json\/wp\/v2\/comments?post=19570"}],"wp:featuredmedia":[{"embeddable":true,"href":"https:\/\/sgr-ssr.ch\/fr\/wp-json\/"}],"wp:attachment":[{"href":"https:\/\/sgr-ssr.ch\/fr\/wp-json\/wp\/v2\/media?parent=19570"}],"wp:term":[{"taxonomy":"post_tag","embeddable":true,"href":"https:\/\/sgr-ssr.ch\/fr\/wp-json\/wp\/v2\/tags?post=19570"},{"taxonomy":"event_type","embeddable":true,"href":"https:\/\/sgr-ssr.ch\/fr\/wp-json\/wp\/v2\/event_type?post=19570"},{"taxonomy":"event_type_2","embeddable":true,"href":"https:\/\/sgr-ssr.ch\/fr\/wp-json\/wp\/v2\/event_type_2?post=19570"}],"curies":[{"name":"wp","href":"https:\/\/api.w.org\/{rel}","templated":true}]}}

<p class="p1">Willkommen zum jährlichen Fortbildungskongress der Schweizerischen Gesellschaft für Ultraschall in der Medizin (SGUM). Vom 25. bis 27. Juni 2026 treffen sich Ultraschall-Expertinnen und -Experten aus der ganzen Schweiz und darüber hinaus – vor Ort im Kongresszentrum Davos sowie online via Livestream. Der SGUM-Kongress 2026 bietet ein hochkarätiges wissenschaftliches Programm, praxisnahe Workshops und den interdisziplinären Austausch über die neuesten Entwicklungen in der medizinischen Ultraschalldiagnostik. Gestalten Sie Ihre Teilnahme flexibel – hybrid, interaktiv und auf höchstem fachlichen Niveau.</p>
<p class="p1"><a href="https://davos2026.sgum.ch/programm/" target="_blank" rel="noopener noreferrer">Programme</a></p>
<p class="p1"><a href="mailto:sgum@sgum.ch">Contact</a></p>
<p>&nbsp;</p>

<!-- This site is optimized with the Yoast SEO plugin v27.5 - https://yoast.com/product/yoast-seo-wordpress/ -->
<title>SGUM Fortbildungskongress 2026 - Schweizerische Gesellschaft für Radiologie</title>
<meta name="robots" content="index, follow, max-snippet:-1, max-image-preview:large, max-video-preview:-1" />
<link rel="canonical" href="https://sgr-ssr.ch/fr/events/sgum-fortbildungskongress-2026/" />
<meta property="og:locale" content="fr_FR" />
<meta property="og:type" content="article" />
<meta property="og:title" content="SGUM Fortbildungskongress 2026 - Schweizerische Gesellschaft für Radiologie" />
<meta property="og:description" content="Willkommen zum jährlichen Fortbildungskongress der Schweizerischen Gesellschaft für Ultraschall in der Medizin (SGUM). Vom 25. bis 27. Juni 2026 treffen sich Ultraschall-Expertinnen und -Experten aus der ganzen Schweiz und darüber hinaus – vor Ort im Kongresszentrum Davos sowie online via Livestream. Der SGUM-Kongress 2026 bietet ein hochkarätiges wissenschaftliches Programm, praxisnahe Workshops und den interdisziplinären Austausch [&hellip;]" />
<meta property="og:url" content="https://sgr-ssr.ch/fr/events/sgum-fortbildungskongress-2026/" />
<meta property="og:site_name" content="Schweizerische Gesellschaft für Radiologie" />
<meta property="article:modified_time" content="2026-04-13T09:28:34+00:00" />
<meta name="twitter:card" content="summary_large_image" />
<script type="application/ld+json" class="yoast-schema-graph">{"@context":"https:\/\/schema.org","@graph":[{"@type":"WebPage","@id":"https:\/\/sgr-ssr.ch\/fr\/events\/sgum-fortbildungskongress-2026\/","url":"https:\/\/sgr-ssr.ch\/fr\/events\/sgum-fortbildungskongress-2026\/","name":"SGUM Fortbildungskongress 2026 - Schweizerische Gesellschaft für Radiologie","isPartOf":{"@id":"https:\/\/sgr-ssr.ch\/#website"},"datePublished":"2026-04-13T09:22:22+00:00","dateModified":"2026-04-13T09:28:34+00:00","breadcrumb":{"@id":"https:\/\/sgr-ssr.ch\/fr\/events\/sgum-fortbildungskongress-2026\/#breadcrumb"},"inLanguage":"fr-FR","potentialAction":[{"@type":"ReadAction","target":["https:\/\/sgr-ssr.ch\/fr\/events\/sgum-fortbildungskongress-2026\/"]}]},{"@type":"BreadcrumbList","@id":"https:\/\/sgr-ssr.ch\/fr\/events\/sgum-fortbildungskongress-2026\/#breadcrumb","itemListElement":[{"@type":"ListItem","position":1,"name":"Home","item":"https:\/\/sgr-ssr.ch\/fr\/"},{"@type":"ListItem","position":2,"name":"Events","item":"https:\/\/sgr-ssr.ch\/fr\/events\/"},{"@type":"ListItem","position":3,"name":"SGUM Fortbildungskongress 2026"}]},{"@type":"WebSite","@id":"https:\/\/sgr-ssr.ch\/#website","url":"https:\/\/sgr-ssr.ch\/","name":"Schweizerische Gesellschaft für Radiologie","description":"Just another WordPress site","potentialAction":[{"@type":"SearchAction","target":{"@type":"EntryPoint","urlTemplate":"https:\/\/sgr-ssr.ch\/?s={search_term_string}"},"query-input":{"@type":"PropertyValueSpecification","valueRequired":true,"valueName":"search_term_string"}}],"inLanguage":"fr-FR"}]}</script>
<!-- / Yoast SEO plugin. -->

SGUM Fortbildungskongress 2026 - Schweizerische Gesellschaft für Radiologie

Willkommen zum jährlichen Fortbildungskongress der Schweizerischen Gesellschaft für Ultraschall in der Medizin (SGUM). Vom 25. bis 27. Juni 2026 treffen sich Ultraschall-Expertinnen und -Experten aus der ganzen Schweiz und darüber hinaus – vor Ort im Kongresszentrum Davos sowie online via Livestream. Der SGUM-Kongress 2026 bietet ein hochkarätiges wissenschaftliches Programm, praxisnahe Workshops und den interdisziplinären Austausch [&hellip;]

Schweizerische Gesellschaft für Radiologie
