{"id":19713,"date":"2026-04-20T12:42:06","date_gmt":"2026-04-20T12:42:06","guid":{"rendered":"https:\/\/sgr-ssr.ch\/events\/glaukom-und-alzheimer-zwei-seiten-einer-erkrankung\/"},"modified":"2026-04-20T13:08:06","modified_gmt":"2026-04-20T13:08:06","slug":"glaukom-und-alzheimer-zwei-seiten-einer-erkrankung","status":"publish","type":"ajde_events","link":"https:\/\/sgr-ssr.ch\/fr\/events\/glaukom-und-alzheimer-zwei-seiten-einer-erkrankung\/","title":{"rendered":"Glaukom und Alzheimer: Zwei Seiten einer Erkrankung"},"content":{"rendered":"<p>Die Fortbildung \u00abGlaukom und Alzheimer: Zwei Seiten einer Erkrankung\u00bb findet am 2. Juli 2026 um 17:00 Uhr in Z\u00fcrich Enge statt. Nach der Begr\u00fcssung und Einf\u00fchrung pr\u00e4sentiert Prof. Dr. med. H. E. Killer aktuelle Erkenntnisse zu Diagnostik und Therapie sowie die neurologischen Zusammenh\u00e4nge anhand von Fallbeispielen. Im Anschluss folgt eine Fragerunde sowie ein Ap\u00e9ro.<\/p>\n<p>&nbsp;<\/p>\n<p class=\"p1\"><a href=\"https:\/\/sgr-ssr.ch\/wp-content\/uploads\/2026\/04\/2026-035_Antrag-auf-Credits_Radilogoie_Glaukom-und-Alzheimer_02072026.pdf\" target=\"_blank\" rel=\"noopener noreferrer\">Programm<\/a><\/p>\n<p class=\"p1\"><a href=\"https:\/\/swissneuroradiology.ch\/de\/agenda\/detail\/glaukom-und-alzheimer-zwei-seiten-einer-erkrankung\" target=\"_blank\" rel=\"noopener noreferrer\">Website<\/a><\/p>\n<p>&nbsp;<\/p>\n","protected":false},"author":5,"featured_media":-1,"menu_order":0,"comment_status":"open","ping_status":"closed","template":"","meta":{"_acf_changed":false,"_et_pb_use_builder":"","_et_pb_old_content":"","_et_gb_content_width":"","inline_featured_image":false},"tags":[],"event_type":[],"event_type_2":[],"class_list":["post-19713","ajde_events","type-ajde_events","status-publish","has-post-thumbnail","hentry","event_location-snri-scnsi","event_organizer-snri-scnsi"],"acf":[],"yoast_head":"<!-- This site is optimized with the Yoast SEO plugin v27.5 - https:\/\/yoast.com\/product\/yoast-seo-wordpress\/ -->\n<title>Glaukom und Alzheimer: Zwei Seiten einer Erkrankung - Schweizerische Gesellschaft f\u00fcr Radiologie<\/title>\n<meta name=\"robots\" content=\"index, follow, max-snippet:-1, max-image-preview:large, max-video-preview:-1\" \/>\n<link rel=\"canonical\" href=\"https:\/\/sgr-ssr.ch\/fr\/events\/glaukom-und-alzheimer-zwei-seiten-einer-erkrankung\/\" \/>\n<meta property=\"og:locale\" content=\"fr_FR\" \/>\n<meta property=\"og:type\" content=\"article\" \/>\n<meta property=\"og:title\" content=\"Glaukom und Alzheimer: Zwei Seiten einer Erkrankung - Schweizerische Gesellschaft f\u00fcr Radiologie\" \/>\n<meta property=\"og:description\" content=\"Die Fortbildung \u00abGlaukom und Alzheimer: Zwei Seiten einer Erkrankung\u00bb findet am 2. Juli 2026 um 17:00 Uhr in Z\u00fcrich Enge statt. Nach der Begr\u00fcssung und Einf\u00fchrung pr\u00e4sentiert Prof. Dr. med. H. E. Killer aktuelle Erkenntnisse zu Diagnostik und Therapie sowie die neurologischen Zusammenh\u00e4nge anhand von Fallbeispielen. Im Anschluss folgt eine Fragerunde sowie ein Ap\u00e9ro. &nbsp; [&hellip;]\" \/>\n<meta property=\"og:url\" content=\"https:\/\/sgr-ssr.ch\/fr\/events\/glaukom-und-alzheimer-zwei-seiten-einer-erkrankung\/\" \/>\n<meta property=\"og:site_name\" content=\"Schweizerische Gesellschaft f\u00fcr Radiologie\" \/>\n<meta property=\"article:modified_time\" content=\"2026-04-20T13:08:06+00:00\" \/>\n<meta name=\"twitter:card\" content=\"summary_large_image\" \/>\n<script type=\"application\/ld+json\" class=\"yoast-schema-graph\">{\"@context\":\"https:\\\/\\\/schema.org\",\"@graph\":[{\"@type\":\"WebPage\",\"@id\":\"https:\\\/\\\/sgr-ssr.ch\\\/fr\\\/events\\\/glaukom-und-alzheimer-zwei-seiten-einer-erkrankung\\\/\",\"url\":\"https:\\\/\\\/sgr-ssr.ch\\\/fr\\\/events\\\/glaukom-und-alzheimer-zwei-seiten-einer-erkrankung\\\/\",\"name\":\"Glaukom und Alzheimer: Zwei Seiten einer Erkrankung - Schweizerische Gesellschaft f\u00fcr Radiologie\",\"isPartOf\":{\"@id\":\"https:\\\/\\\/sgr-ssr.ch\\\/#website\"},\"datePublished\":\"2026-04-20T12:42:06+00:00\",\"dateModified\":\"2026-04-20T13:08:06+00:00\",\"breadcrumb\":{\"@id\":\"https:\\\/\\\/sgr-ssr.ch\\\/fr\\\/events\\\/glaukom-und-alzheimer-zwei-seiten-einer-erkrankung\\\/#breadcrumb\"},\"inLanguage\":\"fr-FR\",\"potentialAction\":[{\"@type\":\"ReadAction\",\"target\":[\"https:\\\/\\\/sgr-ssr.ch\\\/fr\\\/events\\\/glaukom-und-alzheimer-zwei-seiten-einer-erkrankung\\\/\"]}]},{\"@type\":\"BreadcrumbList\",\"@id\":\"https:\\\/\\\/sgr-ssr.ch\\\/fr\\\/events\\\/glaukom-und-alzheimer-zwei-seiten-einer-erkrankung\\\/#breadcrumb\",\"itemListElement\":[{\"@type\":\"ListItem\",\"position\":1,\"name\":\"Home\",\"item\":\"https:\\\/\\\/sgr-ssr.ch\\\/fr\\\/\"},{\"@type\":\"ListItem\",\"position\":2,\"name\":\"Events\",\"item\":\"https:\\\/\\\/sgr-ssr.ch\\\/fr\\\/events\\\/\"},{\"@type\":\"ListItem\",\"position\":3,\"name\":\"Glaukom und Alzheimer: Zwei Seiten einer Erkrankung\"}]},{\"@type\":\"WebSite\",\"@id\":\"https:\\\/\\\/sgr-ssr.ch\\\/#website\",\"url\":\"https:\\\/\\\/sgr-ssr.ch\\\/\",\"name\":\"Schweizerische Gesellschaft f\u00fcr Radiologie\",\"description\":\"Just another WordPress site\",\"potentialAction\":[{\"@type\":\"SearchAction\",\"target\":{\"@type\":\"EntryPoint\",\"urlTemplate\":\"https:\\\/\\\/sgr-ssr.ch\\\/?s={search_term_string}\"},\"query-input\":{\"@type\":\"PropertyValueSpecification\",\"valueRequired\":true,\"valueName\":\"search_term_string\"}}],\"inLanguage\":\"fr-FR\"}]}<\/script>\n<!-- \/ Yoast SEO plugin. -->","yoast_head_json":{"title":"Glaukom und Alzheimer: Zwei Seiten einer Erkrankung - Schweizerische Gesellschaft f\u00fcr Radiologie","robots":{"index":"index","follow":"follow","max-snippet":"max-snippet:-1","max-image-preview":"max-image-preview:large","max-video-preview":"max-video-preview:-1"},"canonical":"https:\/\/sgr-ssr.ch\/fr\/events\/glaukom-und-alzheimer-zwei-seiten-einer-erkrankung\/","og_locale":"fr_FR","og_type":"article","og_title":"Glaukom und Alzheimer: Zwei Seiten einer Erkrankung - Schweizerische Gesellschaft f\u00fcr Radiologie","og_description":"Die Fortbildung \u00abGlaukom und Alzheimer: Zwei Seiten einer Erkrankung\u00bb findet am 2. Juli 2026 um 17:00 Uhr in Z\u00fcrich Enge statt. Nach der Begr\u00fcssung und Einf\u00fchrung pr\u00e4sentiert Prof. Dr. med. H. E. Killer aktuelle Erkenntnisse zu Diagnostik und Therapie sowie die neurologischen Zusammenh\u00e4nge anhand von Fallbeispielen. Im Anschluss folgt eine Fragerunde sowie ein Ap\u00e9ro. &nbsp; [&hellip;]","og_url":"https:\/\/sgr-ssr.ch\/fr\/events\/glaukom-und-alzheimer-zwei-seiten-einer-erkrankung\/","og_site_name":"Schweizerische Gesellschaft f\u00fcr Radiologie","article_modified_time":"2026-04-20T13:08:06+00:00","twitter_card":"summary_large_image","schema":{"@context":"https:\/\/schema.org","@graph":[{"@type":"WebPage","@id":"https:\/\/sgr-ssr.ch\/fr\/events\/glaukom-und-alzheimer-zwei-seiten-einer-erkrankung\/","url":"https:\/\/sgr-ssr.ch\/fr\/events\/glaukom-und-alzheimer-zwei-seiten-einer-erkrankung\/","name":"Glaukom und Alzheimer: Zwei Seiten einer Erkrankung - Schweizerische Gesellschaft f\u00fcr Radiologie","isPartOf":{"@id":"https:\/\/sgr-ssr.ch\/#website"},"datePublished":"2026-04-20T12:42:06+00:00","dateModified":"2026-04-20T13:08:06+00:00","breadcrumb":{"@id":"https:\/\/sgr-ssr.ch\/fr\/events\/glaukom-und-alzheimer-zwei-seiten-einer-erkrankung\/#breadcrumb"},"inLanguage":"fr-FR","potentialAction":[{"@type":"ReadAction","target":["https:\/\/sgr-ssr.ch\/fr\/events\/glaukom-und-alzheimer-zwei-seiten-einer-erkrankung\/"]}]},{"@type":"BreadcrumbList","@id":"https:\/\/sgr-ssr.ch\/fr\/events\/glaukom-und-alzheimer-zwei-seiten-einer-erkrankung\/#breadcrumb","itemListElement":[{"@type":"ListItem","position":1,"name":"Home","item":"https:\/\/sgr-ssr.ch\/fr\/"},{"@type":"ListItem","position":2,"name":"Events","item":"https:\/\/sgr-ssr.ch\/fr\/events\/"},{"@type":"ListItem","position":3,"name":"Glaukom und Alzheimer: Zwei Seiten einer Erkrankung"}]},{"@type":"WebSite","@id":"https:\/\/sgr-ssr.ch\/#website","url":"https:\/\/sgr-ssr.ch\/","name":"Schweizerische Gesellschaft f\u00fcr Radiologie","description":"Just another WordPress site","potentialAction":[{"@type":"SearchAction","target":{"@type":"EntryPoint","urlTemplate":"https:\/\/sgr-ssr.ch\/?s={search_term_string}"},"query-input":{"@type":"PropertyValueSpecification","valueRequired":true,"valueName":"search_term_string"}}],"inLanguage":"fr-FR"}]}},"_links":{"self":[{"href":"https:\/\/sgr-ssr.ch\/fr\/wp-json\/wp\/v2\/ajde_events\/19713","targetHints":{"allow":["GET"]}}],"collection":[{"href":"https:\/\/sgr-ssr.ch\/fr\/wp-json\/wp\/v2\/ajde_events"}],"about":[{"href":"https:\/\/sgr-ssr.ch\/fr\/wp-json\/wp\/v2\/types\/ajde_events"}],"author":[{"embeddable":true,"href":"https:\/\/sgr-ssr.ch\/fr\/wp-json\/wp\/v2\/users\/5"}],"replies":[{"embeddable":true,"href":"https:\/\/sgr-ssr.ch\/fr\/wp-json\/wp\/v2\/comments?post=19713"}],"wp:featuredmedia":[{"embeddable":true,"href":"https:\/\/sgr-ssr.ch\/fr\/wp-json\/"}],"wp:attachment":[{"href":"https:\/\/sgr-ssr.ch\/fr\/wp-json\/wp\/v2\/media?parent=19713"}],"wp:term":[{"taxonomy":"post_tag","embeddable":true,"href":"https:\/\/sgr-ssr.ch\/fr\/wp-json\/wp\/v2\/tags?post=19713"},{"taxonomy":"event_type","embeddable":true,"href":"https:\/\/sgr-ssr.ch\/fr\/wp-json\/wp\/v2\/event_type?post=19713"},{"taxonomy":"event_type_2","embeddable":true,"href":"https:\/\/sgr-ssr.ch\/fr\/wp-json\/wp\/v2\/event_type_2?post=19713"}],"curies":[{"name":"wp","href":"https:\/\/api.w.org\/{rel}","templated":true}]}}

<p>Die Fortbildung «Glaukom und Alzheimer: Zwei Seiten einer Erkrankung» findet am 2. Juli 2026 um 17:00 Uhr in Zürich Enge statt. Nach der Begrüssung und Einführung präsentiert Prof. Dr. med. H. E. Killer aktuelle Erkenntnisse zu Diagnostik und Therapie sowie die neurologischen Zusammenhänge anhand von Fallbeispielen. Im Anschluss folgt eine Fragerunde sowie ein Apéro.</p>
<p>&nbsp;</p>
<p class="p1"><a href="https://sgr-ssr.ch/wp-content/uploads/2026/04/2026-035_Antrag-auf-Credits_Radilogoie_Glaukom-und-Alzheimer_02072026.pdf" target="_blank" rel="noopener noreferrer">Programm</a></p>
<p class="p1"><a href="https://swissneuroradiology.ch/de/agenda/detail/glaukom-und-alzheimer-zwei-seiten-einer-erkrankung" target="_blank" rel="noopener noreferrer">Website</a></p>
<p>&nbsp;</p>

<!-- This site is optimized with the Yoast SEO plugin v27.5 - https://yoast.com/product/yoast-seo-wordpress/ -->
<title>Glaukom und Alzheimer: Zwei Seiten einer Erkrankung - Schweizerische Gesellschaft für Radiologie</title>
<meta name="robots" content="index, follow, max-snippet:-1, max-image-preview:large, max-video-preview:-1" />
<link rel="canonical" href="https://sgr-ssr.ch/fr/events/glaukom-und-alzheimer-zwei-seiten-einer-erkrankung/" />
<meta property="og:locale" content="fr_FR" />
<meta property="og:type" content="article" />
<meta property="og:title" content="Glaukom und Alzheimer: Zwei Seiten einer Erkrankung - Schweizerische Gesellschaft für Radiologie" />
<meta property="og:description" content="Die Fortbildung «Glaukom und Alzheimer: Zwei Seiten einer Erkrankung» findet am 2. Juli 2026 um 17:00 Uhr in Zürich Enge statt. Nach der Begrüssung und Einführung präsentiert Prof. Dr. med. H. E. Killer aktuelle Erkenntnisse zu Diagnostik und Therapie sowie die neurologischen Zusammenhänge anhand von Fallbeispielen. Im Anschluss folgt eine Fragerunde sowie ein Apéro. &nbsp; [&hellip;]" />
<meta property="og:url" content="https://sgr-ssr.ch/fr/events/glaukom-und-alzheimer-zwei-seiten-einer-erkrankung/" />
<meta property="og:site_name" content="Schweizerische Gesellschaft für Radiologie" />
<meta property="article:modified_time" content="2026-04-20T13:08:06+00:00" />
<meta name="twitter:card" content="summary_large_image" />
<script type="application/ld+json" class="yoast-schema-graph">{"@context":"https:\/\/schema.org","@graph":[{"@type":"WebPage","@id":"https:\/\/sgr-ssr.ch\/fr\/events\/glaukom-und-alzheimer-zwei-seiten-einer-erkrankung\/","url":"https:\/\/sgr-ssr.ch\/fr\/events\/glaukom-und-alzheimer-zwei-seiten-einer-erkrankung\/","name":"Glaukom und Alzheimer: Zwei Seiten einer Erkrankung - Schweizerische Gesellschaft für Radiologie","isPartOf":{"@id":"https:\/\/sgr-ssr.ch\/#website"},"datePublished":"2026-04-20T12:42:06+00:00","dateModified":"2026-04-20T13:08:06+00:00","breadcrumb":{"@id":"https:\/\/sgr-ssr.ch\/fr\/events\/glaukom-und-alzheimer-zwei-seiten-einer-erkrankung\/#breadcrumb"},"inLanguage":"fr-FR","potentialAction":[{"@type":"ReadAction","target":["https:\/\/sgr-ssr.ch\/fr\/events\/glaukom-und-alzheimer-zwei-seiten-einer-erkrankung\/"]}]},{"@type":"BreadcrumbList","@id":"https:\/\/sgr-ssr.ch\/fr\/events\/glaukom-und-alzheimer-zwei-seiten-einer-erkrankung\/#breadcrumb","itemListElement":[{"@type":"ListItem","position":1,"name":"Home","item":"https:\/\/sgr-ssr.ch\/fr\/"},{"@type":"ListItem","position":2,"name":"Events","item":"https:\/\/sgr-ssr.ch\/fr\/events\/"},{"@type":"ListItem","position":3,"name":"Glaukom und Alzheimer: Zwei Seiten einer Erkrankung"}]},{"@type":"WebSite","@id":"https:\/\/sgr-ssr.ch\/#website","url":"https:\/\/sgr-ssr.ch\/","name":"Schweizerische Gesellschaft für Radiologie","description":"Just another WordPress site","potentialAction":[{"@type":"SearchAction","target":{"@type":"EntryPoint","urlTemplate":"https:\/\/sgr-ssr.ch\/?s={search_term_string}"},"query-input":{"@type":"PropertyValueSpecification","valueRequired":true,"valueName":"search_term_string"}}],"inLanguage":"fr-FR"}]}</script>
<!-- / Yoast SEO plugin. -->

Glaukom und Alzheimer: Zwei Seiten einer Erkrankung - Schweizerische Gesellschaft für Radiologie

Die Fortbildung «Glaukom und Alzheimer: Zwei Seiten einer Erkrankung» findet am 2. Juli 2026 um 17:00 Uhr in Zürich Enge statt. Nach der Begrüssung und Einführung präsentiert Prof. Dr. med. H. E. Killer aktuelle Erkenntnisse zu Diagnostik und Therapie sowie die neurologischen Zusammenhänge anhand von Fallbeispielen. Im Anschluss folgt eine Fragerunde sowie ein Apéro. &nbsp; [&hellip;]

Schweizerische Gesellschaft für Radiologie
